{"id":14199,"date":"2021-03-28T14:05:42","date_gmt":"2021-03-28T12:05:42","guid":{"rendered":"https:\/\/www.rwfund.org\/eng\/?page_id=14199"},"modified":"2024-09-03T14:09:25","modified_gmt":"2024-09-03T12:09:25","slug":"working-team","status":"publish","type":"page","link":"https:\/\/www.rwfund.org\/eng\/about-us\/working-team\/","title":{"rendered":"Working Team"},"content":{"rendered":"<div class=\"gb-container gb-container-0774a5fa\"><div class=\"gb-inside-container\">\n<div class=\"gb-grid-wrapper gb-grid-wrapper-69b8aee9\">\n<div class=\"gb-grid-column gb-grid-column-ea0f3b1c\"><div class=\"gb-container gb-container-ea0f3b1c\"><div class=\"gb-inside-container\">\n\n<figure class=\"wp-block-image size-large rounded-corners img is-style-rounded\"><a href=\"https:\/\/www.rwfund.org\/eng\/wp-content\/uploads\/sites\/2\/2021\/03\/Galina-site-portrait.jpg\"><img loading=\"lazy\" decoding=\"async\" width=\"612\" height=\"612\" src=\"https:\/\/www.rwfund.org\/eng\/wp-content\/uploads\/sites\/2\/2021\/03\/Galina-site-portrait.jpg\" alt=\"\" class=\"wp-image-14204\" srcset=\"https:\/\/www.rwfund.org\/eng\/wp-content\/uploads\/sites\/2\/2021\/03\/Galina-site-portrait.jpg 612w, https:\/\/www.rwfund.org\/eng\/wp-content\/uploads\/sites\/2\/2021\/03\/Galina-site-portrait-300x300.jpg 300w, https:\/\/www.rwfund.org\/eng\/wp-content\/uploads\/sites\/2\/2021\/03\/Galina-site-portrait-150x150.jpg 150w\" sizes=\"auto, (max-width: 612px) 100vw, 612px\" \/><\/a><\/figure>\n\n\n\n<h4 class=\"gb-headline gb-headline-db24e765 gb-headline-text\">Galina Maksimovi\u0107<\/h4>\n\n\n\n<p class=\"gb-headline gb-headline-f5b460a7 gb-headline-text\"><em>Program Coordinator<\/em><\/p>\n\n\n\n<p>Galina is employed at Reconstruction Women&#8217;s Fund since October 2019.<br>Previously, she has been working as a playwright and dramaturg, film critic, translator. She is devoted to feminist\/leftist activism in diverse forms. In the Fund, she is in charge of programs coordination.<\/p>\n\n\n<div class=\"gb-container gb-container-dc0e5f57\"><div class=\"gb-inside-container\">\n\n<h6 class=\"gb-headline gb-headline-0327d65d\"><span class=\"gb-icon\"><svg xmlns=\"http:\/\/www.w3.org\/2000\/svg\" viewBox=\"0 0 512 512\" width=\"1em\" height=\"1em\" aria-hidden=\"true\"><path d=\"M464 64H48C21.49 64 0 85.49 0 112v288c0 26.51 21.49 48 48 48h416c26.51 0 48-21.49 48-48V112c0-26.51-21.49-48-48-48zm0 48v40.805c-22.422 18.259-58.168 46.651-134.587 106.49-16.841 13.247-50.201 45.072-73.413 44.701-23.208.375-56.579-31.459-73.413-44.701C106.18 199.465 70.425 171.067 48 152.805V112h416zM48 400V214.398c22.914 18.251 55.409 43.862 104.938 82.646 21.857 17.205 60.134 55.186 103.062 54.955 42.717.231 80.509-37.199 103.053-54.947 49.528-38.783 82.032-64.401 104.947-82.653V400H48z\" fill=\"currentColor\"><\/path><\/svg><\/span><span class=\"gb-headline-text\"><a href=\"djurdja.trajkovic@rwfund.org\"><\/a><a href=\"galina.maksimovic@rwfund.org\">galina.maksimovic@rwfund.org<\/a><\/span><\/h6>\n\n<\/div><\/div>\n<\/div><\/div><\/div>\n\n<div class=\"gb-grid-column gb-grid-column-ccd69808\"><div class=\"gb-container gb-container-ccd69808\"><div class=\"gb-inside-container\">\n\n<figure class=\"wp-block-image size-large rounded-corners img is-style-rounded\"><a href=\"https:\/\/www.rwfund.org\/eng\/wp-content\/uploads\/sites\/2\/2021\/03\/Djurdja-site-portrait.jpg\"><img loading=\"lazy\" decoding=\"async\" width=\"612\" height=\"612\" src=\"https:\/\/www.rwfund.org\/eng\/wp-content\/uploads\/sites\/2\/2021\/03\/Djurdja-site-portrait.jpg\" alt=\"\" class=\"wp-image-14203\" srcset=\"https:\/\/www.rwfund.org\/eng\/wp-content\/uploads\/sites\/2\/2021\/03\/Djurdja-site-portrait.jpg 612w, https:\/\/www.rwfund.org\/eng\/wp-content\/uploads\/sites\/2\/2021\/03\/Djurdja-site-portrait-300x300.jpg 300w, https:\/\/www.rwfund.org\/eng\/wp-content\/uploads\/sites\/2\/2021\/03\/Djurdja-site-portrait-150x150.jpg 150w\" sizes=\"auto, (max-width: 612px) 100vw, 612px\" \/><\/a><\/figure>\n\n\n\n<h4 class=\"gb-headline gb-headline-50de53f7 gb-headline-text\">\u0110ur\u0111a Trajkovi\u0107<\/h4>\n\n\n\n<p class=\"gb-headline gb-headline-92343ee8 gb-headline-text\"><em>Fund Coordinator<\/em><\/p>\n\n\n\n<p>Djurdja has been a coordinator of the Fund since may 2020. Prior to RWF, she spent 15 years in academic institutions in the United States and Serbia where she studied and researched latinamerican literature and feminist theory. In fund, she is in charge of programme and finance overview as well as international cooperation.<\/p>\n\n\n<div class=\"gb-container gb-container-2ce8e9fd\"><div class=\"gb-inside-container\">\n\n<h6 class=\"gb-headline gb-headline-1398a935\"><span class=\"gb-icon\"><svg xmlns=\"http:\/\/www.w3.org\/2000\/svg\" viewBox=\"0 0 512 512\" width=\"1em\" height=\"1em\" aria-hidden=\"true\"><path d=\"M464 64H48C21.49 64 0 85.49 0 112v288c0 26.51 21.49 48 48 48h416c26.51 0 48-21.49 48-48V112c0-26.51-21.49-48-48-48zm0 48v40.805c-22.422 18.259-58.168 46.651-134.587 106.49-16.841 13.247-50.201 45.072-73.413 44.701-23.208.375-56.579-31.459-73.413-44.701C106.18 199.465 70.425 171.067 48 152.805V112h416zM48 400V214.398c22.914 18.251 55.409 43.862 104.938 82.646 21.857 17.205 60.134 55.186 103.062 54.955 42.717.231 80.509-37.199 103.053-54.947 49.528-38.783 82.032-64.401 104.947-82.653V400H48z\" fill=\"currentColor\"><\/path><\/svg><\/span><span class=\"gb-headline-text\"><a href=\"djurdja.trajkovic@rwfund.org\">djurdja.trajkovic@rwfund.org<\/a><\/span><\/h6>\n\n<\/div><\/div>\n<\/div><\/div><\/div>\n\n<div class=\"gb-grid-column gb-grid-column-292ee04c\"><div class=\"gb-container gb-container-292ee04c\"><div class=\"gb-inside-container\">\n\n<figure class=\"wp-block-image size-large rounded-corners img is-style-rounded\"><a href=\"https:\/\/www.rwfund.org\/eng\/wp-content\/uploads\/sites\/2\/2021\/03\/Ana-site-portrait.jpg\"><img loading=\"lazy\" decoding=\"async\" width=\"612\" height=\"612\" src=\"https:\/\/www.rwfund.org\/eng\/wp-content\/uploads\/sites\/2\/2021\/03\/Ana-site-portrait.jpg\" alt=\"\" class=\"wp-image-14202\" srcset=\"https:\/\/www.rwfund.org\/eng\/wp-content\/uploads\/sites\/2\/2021\/03\/Ana-site-portrait.jpg 612w, https:\/\/www.rwfund.org\/eng\/wp-content\/uploads\/sites\/2\/2021\/03\/Ana-site-portrait-300x300.jpg 300w, https:\/\/www.rwfund.org\/eng\/wp-content\/uploads\/sites\/2\/2021\/03\/Ana-site-portrait-150x150.jpg 150w\" sizes=\"auto, (max-width: 612px) 100vw, 612px\" \/><\/a><\/figure>\n\n\n\n<h4 class=\"gb-headline gb-headline-2f42a16d gb-headline-text\">Ana Im\u0161irovi\u0107 \u0110or\u0111evi\u0107<\/h4>\n\n\n\n<p class=\"gb-headline gb-headline-a4da569b gb-headline-text\"><em>Operations Manager<\/em><\/p>\n\n\n\n<p>Activist since the beginning of 1990s and participant of numerous feminist and antiwar initiatives and activities. English translator and for some time artivist in the group ACT Women. Employed as an operations manager in the RWF since November 2019, taking care that everything runs smoothly. &nbsp;  <\/p>\n\n\n<div class=\"gb-container gb-container-ef5d0d4c\"><div class=\"gb-inside-container\">\n\n<h6 class=\"gb-headline gb-headline-45a545c2\"><span class=\"gb-icon\"><svg xmlns=\"http:\/\/www.w3.org\/2000\/svg\" viewBox=\"0 0 512 512\" width=\"1em\" height=\"1em\" aria-hidden=\"true\"><path d=\"M464 64H48C21.49 64 0 85.49 0 112v288c0 26.51 21.49 48 48 48h416c26.51 0 48-21.49 48-48V112c0-26.51-21.49-48-48-48zm0 48v40.805c-22.422 18.259-58.168 46.651-134.587 106.49-16.841 13.247-50.201 45.072-73.413 44.701-23.208.375-56.579-31.459-73.413-44.701C106.18 199.465 70.425 171.067 48 152.805V112h416zM48 400V214.398c22.914 18.251 55.409 43.862 104.938 82.646 21.857 17.205 60.134 55.186 103.062 54.955 42.717.231 80.509-37.199 103.053-54.947 49.528-38.783 82.032-64.401 104.947-82.653V400H48z\" fill=\"currentColor\"><\/path><\/svg><\/span><span class=\"gb-headline-text\"><a href=\"djurdja.trajkovic@rwfund.org\"><\/a><a href=\"ana.imsirovic@rwfund.org\">ana.imsirovic@rwfund.org<\/a><\/span><\/h6>\n\n<\/div><\/div>\n<\/div><\/div><\/div>\n\n<div class=\"gb-grid-column gb-grid-column-111f32e4\"><div class=\"gb-container gb-container-111f32e4\"><div class=\"gb-inside-container\">\n\n<figure class=\"wp-block-image size-full rounded-corners img is-style-rounded\"><a href=\"https:\/\/www.rwfund.org\/eng\/wp-content\/uploads\/sites\/2\/2022\/04\/diana-MIN.png\"><img loading=\"lazy\" decoding=\"async\" width=\"609\" height=\"627\" src=\"https:\/\/www.rwfund.org\/eng\/wp-content\/uploads\/sites\/2\/2022\/04\/diana-MIN.png\" alt=\"\" class=\"wp-image-15697\" srcset=\"https:\/\/www.rwfund.org\/eng\/wp-content\/uploads\/sites\/2\/2022\/04\/diana-MIN.png 609w, https:\/\/www.rwfund.org\/eng\/wp-content\/uploads\/sites\/2\/2022\/04\/diana-MIN-291x300.png 291w, https:\/\/www.rwfund.org\/eng\/wp-content\/uploads\/sites\/2\/2022\/04\/diana-MIN-600x618.png 600w\" sizes=\"auto, (max-width: 609px) 100vw, 609px\" \/><\/a><\/figure>\n\n\n\n<h4 class=\"gb-headline gb-headline-636588de gb-headline-text\">Diana Miladinovi\u0107<\/h4>\n\n\n\n<p class=\"gb-headline gb-headline-3f5a0cbd gb-headline-text\"><em>Archivist<\/em><\/p>\n\n\n\n<p>Diana has for more than two decades collaborated with women\u2019s, feminist groups and non governmental movements. She worked on topics such as: gender based violence, dealing with the past, anti discrimination, human security and protection of the refugees. In Fund, firstly she was involved in local feminist philanthropy, and currently is in charge of the library and archive.<\/p>\n\n\n<div class=\"gb-container gb-container-e19cc7de\"><div class=\"gb-inside-container\">\n\n<h6 class=\"gb-headline gb-headline-9cafe23c\"><span class=\"gb-icon\"><svg xmlns=\"http:\/\/www.w3.org\/2000\/svg\" viewBox=\"0 0 512 512\" width=\"1em\" height=\"1em\" aria-hidden=\"true\"><path d=\"M464 64H48C21.49 64 0 85.49 0 112v288c0 26.51 21.49 48 48 48h416c26.51 0 48-21.49 48-48V112c0-26.51-21.49-48-48-48zm0 48v40.805c-22.422 18.259-58.168 46.651-134.587 106.49-16.841 13.247-50.201 45.072-73.413 44.701-23.208.375-56.579-31.459-73.413-44.701C106.18 199.465 70.425 171.067 48 152.805V112h416zM48 400V214.398c22.914 18.251 55.409 43.862 104.938 82.646 21.857 17.205 60.134 55.186 103.062 54.955 42.717.231 80.509-37.199 103.053-54.947 49.528-38.783 82.032-64.401 104.947-82.653V400H48z\" fill=\"currentColor\"><\/path><\/svg><\/span><span class=\"gb-headline-text\"><a href=\"djurdja.trajkovic@rwfund.org\"><\/a><a href=\"mailto:diana.miladinovic@rwfund.org\">diana.miladinovic@rwfund.org<\/a><\/span><\/h6>\n\n<\/div><\/div>\n<\/div><\/div><\/div>\n\n<div class=\"gb-grid-column gb-grid-column-e13bc931\"><div class=\"gb-container gb-container-e13bc931\"><div class=\"gb-inside-container\">\n\n<figure class=\"wp-block-image size-full is-resized rounded-corners img is-style-rounded\"><a href=\"https:\/\/www.rwfund.org\/eng\/wp-content\/uploads\/sites\/2\/2024\/01\/R-logo-cloud-1.png\"><img loading=\"lazy\" decoding=\"async\" src=\"https:\/\/www.rwfund.org\/eng\/wp-content\/uploads\/sites\/2\/2024\/01\/R-logo-cloud-1.png\" alt=\"\" class=\"wp-image-16251\" width=\"500\" height=\"500\" srcset=\"https:\/\/www.rwfund.org\/eng\/wp-content\/uploads\/sites\/2\/2024\/01\/R-logo-cloud-1.png 150w, https:\/\/www.rwfund.org\/eng\/wp-content\/uploads\/sites\/2\/2024\/01\/R-logo-cloud-1-100x100.png 100w\" sizes=\"auto, (max-width: 500px) 100vw, 500px\" \/><\/a><\/figure>\n\n\n\n<h4 class=\"gb-headline gb-headline-59a677a8 gb-headline-text\">Nata\u0161a Ivane\u017ea<\/h4>\n\n\n\n<p class=\"gb-headline gb-headline-81578fea gb-headline-text\"><em>Community Coordinator<\/em><\/p>\n\n\n\n<p>Nata\u0161a has been a community coordinator since July 2023. Before joining the Fund, she worked as a program coordinator of the Volunteers\u2019 Centre of Vojvodina and a coordinator of the independent cultural center &#8220;Dom B612&#8221;. She has a bachelor degree in sociology as well as a master&#8217;s degree in Democracy and Human Rights in Southeast Europe. She lived, studied and worked in Novi Sad, Lisbon and Sarajevo.<\/p>\n\n\n<div class=\"gb-container gb-container-bd5c6d33\"><div class=\"gb-inside-container\">\n\n<h6 class=\"gb-headline gb-headline-7def74fa\"><span class=\"gb-icon\"><svg xmlns=\"http:\/\/www.w3.org\/2000\/svg\" viewBox=\"0 0 512 512\" width=\"1em\" height=\"1em\" aria-hidden=\"true\"><path d=\"M464 64H48C21.49 64 0 85.49 0 112v288c0 26.51 21.49 48 48 48h416c26.51 0 48-21.49 48-48V112c0-26.51-21.49-48-48-48zm0 48v40.805c-22.422 18.259-58.168 46.651-134.587 106.49-16.841 13.247-50.201 45.072-73.413 44.701-23.208.375-56.579-31.459-73.413-44.701C106.18 199.465 70.425 171.067 48 152.805V112h416zM48 400V214.398c22.914 18.251 55.409 43.862 104.938 82.646 21.857 17.205 60.134 55.186 103.062 54.955 42.717.231 80.509-37.199 103.053-54.947 49.528-38.783 82.032-64.401 104.947-82.653V400H48z\" fill=\"currentColor\"><\/path><\/svg><\/span><span class=\"gb-headline-text\"><a href=\"mailto:diana.miladinovic@rwfund.org\">natasa.ivaneza@rwfund.org<\/a><\/span><\/h6>\n\n<\/div><\/div>\n<\/div><\/div><\/div>\n<\/div>\n<\/div><\/div>","protected":false},"excerpt":{"rendered":"","protected":false},"author":1,"featured_media":0,"parent":14212,"menu_order":1,"comment_status":"closed","ping_status":"closed","template":"","meta":{"_kad_blocks_custom_css":"","_kad_blocks_head_custom_js":"","_kad_blocks_body_custom_js":"","_kad_blocks_footer_custom_js":"","footnotes":""},"categories":[],"tags":[],"class_list":{"0":"post-14199","1":"page","2":"type-page","3":"status-publish","5":"infinite-scroll-item","6":"no-featured-image-padding"},"yoast_head":"<!-- This site is optimized with the Yoast SEO plugin v27.4 - https:\/\/yoast.com\/product\/yoast-seo-wordpress\/ -->\n<title>Working Team - Reconstruction Women&#039;s Fund<\/title>\n<meta name=\"description\" content=\"Rekonstruction Working Team: Galina Maksimovi\u0107, \u0110ur\u0111a Trajkovi\u0107, Ana Im\u0161irovi\u0107 \u0110or\u0111evi\u0107, Diana Miladinovi\u0107, Nata\u0161a Ivane\u017ea\" \/>\n<meta name=\"robots\" content=\"index, follow, max-snippet:-1, max-image-preview:large, max-video-preview:-1\" \/>\n<link rel=\"canonical\" href=\"https:\/\/www.rwfund.org\/eng\/about-us\/working-team\/\" \/>\n<meta property=\"og:locale\" content=\"en_US\" \/>\n<meta property=\"og:type\" content=\"article\" \/>\n<meta property=\"og:title\" content=\"Working Team - Reconstruction Women&#039;s Fund\" \/>\n<meta property=\"og:description\" content=\"Rekonstruction Working Team: Galina Maksimovi\u0107, \u0110ur\u0111a Trajkovi\u0107, Ana Im\u0161irovi\u0107 \u0110or\u0111evi\u0107, Diana Miladinovi\u0107, Nata\u0161a Ivane\u017ea\" \/>\n<meta property=\"og:url\" content=\"https:\/\/www.rwfund.org\/eng\/about-us\/working-team\/\" \/>\n<meta property=\"og:site_name\" content=\"Reconstruction Women&#039;s Fund\" \/>\n<meta property=\"article:modified_time\" content=\"2024-09-03T12:09:25+00:00\" \/>\n<meta property=\"og:image\" content=\"https:\/\/www.rwfund.org\/eng\/wp-content\/uploads\/sites\/2\/2021\/03\/Galina-site-portrait.jpg\" \/>\n<meta name=\"twitter:card\" content=\"summary_large_image\" \/>\n<meta name=\"twitter:label1\" content=\"Est. reading time\" \/>\n\t<meta name=\"twitter:data1\" content=\"3 minutes\" \/>\n<script type=\"application\/ld+json\" class=\"yoast-schema-graph\">{\"@context\":\"https:\\\/\\\/schema.org\",\"@graph\":[{\"@type\":\"WebPage\",\"@id\":\"https:\\\/\\\/www.rwfund.org\\\/eng\\\/about-us\\\/working-team\\\/\",\"url\":\"https:\\\/\\\/www.rwfund.org\\\/eng\\\/about-us\\\/working-team\\\/\",\"name\":\"Working Team - Reconstruction Women&#039;s Fund\",\"isPartOf\":{\"@id\":\"https:\\\/\\\/www.rwfund.org\\\/eng\\\/#website\"},\"primaryImageOfPage\":{\"@id\":\"https:\\\/\\\/www.rwfund.org\\\/eng\\\/about-us\\\/working-team\\\/#primaryimage\"},\"image\":{\"@id\":\"https:\\\/\\\/www.rwfund.org\\\/eng\\\/about-us\\\/working-team\\\/#primaryimage\"},\"thumbnailUrl\":\"https:\\\/\\\/www.rwfund.org\\\/eng\\\/wp-content\\\/uploads\\\/sites\\\/2\\\/2021\\\/03\\\/Galina-site-portrait.jpg\",\"datePublished\":\"2021-03-28T12:05:42+00:00\",\"dateModified\":\"2024-09-03T12:09:25+00:00\",\"description\":\"Rekonstruction Working Team: Galina Maksimovi\u0107, \u0110ur\u0111a Trajkovi\u0107, Ana Im\u0161irovi\u0107 \u0110or\u0111evi\u0107, Diana Miladinovi\u0107, Nata\u0161a Ivane\u017ea\",\"breadcrumb\":{\"@id\":\"https:\\\/\\\/www.rwfund.org\\\/eng\\\/about-us\\\/working-team\\\/#breadcrumb\"},\"inLanguage\":\"en-US\",\"potentialAction\":[{\"@type\":\"ReadAction\",\"target\":[\"https:\\\/\\\/www.rwfund.org\\\/eng\\\/about-us\\\/working-team\\\/\"]}]},{\"@type\":\"ImageObject\",\"inLanguage\":\"en-US\",\"@id\":\"https:\\\/\\\/www.rwfund.org\\\/eng\\\/about-us\\\/working-team\\\/#primaryimage\",\"url\":\"https:\\\/\\\/www.rwfund.org\\\/eng\\\/wp-content\\\/uploads\\\/sites\\\/2\\\/2021\\\/03\\\/Galina-site-portrait.jpg\",\"contentUrl\":\"https:\\\/\\\/www.rwfund.org\\\/eng\\\/wp-content\\\/uploads\\\/sites\\\/2\\\/2021\\\/03\\\/Galina-site-portrait.jpg\",\"width\":612,\"height\":612},{\"@type\":\"BreadcrumbList\",\"@id\":\"https:\\\/\\\/www.rwfund.org\\\/eng\\\/about-us\\\/working-team\\\/#breadcrumb\",\"itemListElement\":[{\"@type\":\"ListItem\",\"position\":1,\"name\":\"Home\",\"item\":\"https:\\\/\\\/www.rwfund.org\\\/eng\\\/\"},{\"@type\":\"ListItem\",\"position\":2,\"name\":\"About Us\",\"item\":\"https:\\\/\\\/www.rwfund.org\\\/eng\\\/about-us\\\/\"},{\"@type\":\"ListItem\",\"position\":3,\"name\":\"Working Team\"}]},{\"@type\":\"WebSite\",\"@id\":\"https:\\\/\\\/www.rwfund.org\\\/eng\\\/#website\",\"url\":\"https:\\\/\\\/www.rwfund.org\\\/eng\\\/\",\"name\":\"Reconstruction Women&#039;s Fund\",\"description\":\"Reconstruction Women&#039;s Fund\",\"publisher\":{\"@id\":\"https:\\\/\\\/www.rwfund.org\\\/eng\\\/#organization\"},\"potentialAction\":[{\"@type\":\"SearchAction\",\"target\":{\"@type\":\"EntryPoint\",\"urlTemplate\":\"https:\\\/\\\/www.rwfund.org\\\/eng\\\/?s={search_term_string}\"},\"query-input\":{\"@type\":\"PropertyValueSpecification\",\"valueRequired\":true,\"valueName\":\"search_term_string\"}}],\"inLanguage\":\"en-US\"},{\"@type\":\"Organization\",\"@id\":\"https:\\\/\\\/www.rwfund.org\\\/eng\\\/#organization\",\"name\":\"Reconstruction Women's Fund\",\"url\":\"https:\\\/\\\/www.rwfund.org\\\/eng\\\/\",\"logo\":{\"@type\":\"ImageObject\",\"inLanguage\":\"en-US\",\"@id\":\"https:\\\/\\\/www.rwfund.org\\\/eng\\\/#\\\/schema\\\/logo\\\/image\\\/\",\"url\":\"https:\\\/\\\/www.rwfund.org\\\/eng\\\/wp-content\\\/uploads\\\/sites\\\/2\\\/2021\\\/03\\\/LOGO-CROP_V1.svg\",\"contentUrl\":\"https:\\\/\\\/www.rwfund.org\\\/eng\\\/wp-content\\\/uploads\\\/sites\\\/2\\\/2021\\\/03\\\/LOGO-CROP_V1.svg\",\"width\":420,\"height\":640,\"caption\":\"Reconstruction Women's Fund\"},\"image\":{\"@id\":\"https:\\\/\\\/www.rwfund.org\\\/eng\\\/#\\\/schema\\\/logo\\\/image\\\/\"}}]}<\/script>\n<!-- \/ Yoast SEO plugin. -->","yoast_head_json":{"title":"Working Team - Reconstruction Women&#039;s Fund","description":"Rekonstruction Working Team: Galina Maksimovi\u0107, \u0110ur\u0111a Trajkovi\u0107, Ana Im\u0161irovi\u0107 \u0110or\u0111evi\u0107, Diana Miladinovi\u0107, Nata\u0161a Ivane\u017ea","robots":{"index":"index","follow":"follow","max-snippet":"max-snippet:-1","max-image-preview":"max-image-preview:large","max-video-preview":"max-video-preview:-1"},"canonical":"https:\/\/www.rwfund.org\/eng\/about-us\/working-team\/","og_locale":"en_US","og_type":"article","og_title":"Working Team - Reconstruction Women&#039;s Fund","og_description":"Rekonstruction Working Team: Galina Maksimovi\u0107, \u0110ur\u0111a Trajkovi\u0107, Ana Im\u0161irovi\u0107 \u0110or\u0111evi\u0107, Diana Miladinovi\u0107, Nata\u0161a Ivane\u017ea","og_url":"https:\/\/www.rwfund.org\/eng\/about-us\/working-team\/","og_site_name":"Reconstruction Women&#039;s Fund","article_modified_time":"2024-09-03T12:09:25+00:00","og_image":[{"url":"https:\/\/www.rwfund.org\/eng\/wp-content\/uploads\/sites\/2\/2021\/03\/Galina-site-portrait.jpg","type":"","width":"","height":""}],"twitter_card":"summary_large_image","twitter_misc":{"Est. reading time":"3 minutes"},"schema":{"@context":"https:\/\/schema.org","@graph":[{"@type":"WebPage","@id":"https:\/\/www.rwfund.org\/eng\/about-us\/working-team\/","url":"https:\/\/www.rwfund.org\/eng\/about-us\/working-team\/","name":"Working Team - Reconstruction Women&#039;s Fund","isPartOf":{"@id":"https:\/\/www.rwfund.org\/eng\/#website"},"primaryImageOfPage":{"@id":"https:\/\/www.rwfund.org\/eng\/about-us\/working-team\/#primaryimage"},"image":{"@id":"https:\/\/www.rwfund.org\/eng\/about-us\/working-team\/#primaryimage"},"thumbnailUrl":"https:\/\/www.rwfund.org\/eng\/wp-content\/uploads\/sites\/2\/2021\/03\/Galina-site-portrait.jpg","datePublished":"2021-03-28T12:05:42+00:00","dateModified":"2024-09-03T12:09:25+00:00","description":"Rekonstruction Working Team: Galina Maksimovi\u0107, \u0110ur\u0111a Trajkovi\u0107, Ana Im\u0161irovi\u0107 \u0110or\u0111evi\u0107, Diana Miladinovi\u0107, Nata\u0161a Ivane\u017ea","breadcrumb":{"@id":"https:\/\/www.rwfund.org\/eng\/about-us\/working-team\/#breadcrumb"},"inLanguage":"en-US","potentialAction":[{"@type":"ReadAction","target":["https:\/\/www.rwfund.org\/eng\/about-us\/working-team\/"]}]},{"@type":"ImageObject","inLanguage":"en-US","@id":"https:\/\/www.rwfund.org\/eng\/about-us\/working-team\/#primaryimage","url":"https:\/\/www.rwfund.org\/eng\/wp-content\/uploads\/sites\/2\/2021\/03\/Galina-site-portrait.jpg","contentUrl":"https:\/\/www.rwfund.org\/eng\/wp-content\/uploads\/sites\/2\/2021\/03\/Galina-site-portrait.jpg","width":612,"height":612},{"@type":"BreadcrumbList","@id":"https:\/\/www.rwfund.org\/eng\/about-us\/working-team\/#breadcrumb","itemListElement":[{"@type":"ListItem","position":1,"name":"Home","item":"https:\/\/www.rwfund.org\/eng\/"},{"@type":"ListItem","position":2,"name":"About Us","item":"https:\/\/www.rwfund.org\/eng\/about-us\/"},{"@type":"ListItem","position":3,"name":"Working Team"}]},{"@type":"WebSite","@id":"https:\/\/www.rwfund.org\/eng\/#website","url":"https:\/\/www.rwfund.org\/eng\/","name":"Reconstruction Women&#039;s Fund","description":"Reconstruction Women&#039;s Fund","publisher":{"@id":"https:\/\/www.rwfund.org\/eng\/#organization"},"potentialAction":[{"@type":"SearchAction","target":{"@type":"EntryPoint","urlTemplate":"https:\/\/www.rwfund.org\/eng\/?s={search_term_string}"},"query-input":{"@type":"PropertyValueSpecification","valueRequired":true,"valueName":"search_term_string"}}],"inLanguage":"en-US"},{"@type":"Organization","@id":"https:\/\/www.rwfund.org\/eng\/#organization","name":"Reconstruction Women's Fund","url":"https:\/\/www.rwfund.org\/eng\/","logo":{"@type":"ImageObject","inLanguage":"en-US","@id":"https:\/\/www.rwfund.org\/eng\/#\/schema\/logo\/image\/","url":"https:\/\/www.rwfund.org\/eng\/wp-content\/uploads\/sites\/2\/2021\/03\/LOGO-CROP_V1.svg","contentUrl":"https:\/\/www.rwfund.org\/eng\/wp-content\/uploads\/sites\/2\/2021\/03\/LOGO-CROP_V1.svg","width":420,"height":640,"caption":"Reconstruction Women's Fund"},"image":{"@id":"https:\/\/www.rwfund.org\/eng\/#\/schema\/logo\/image\/"}}]}},"taxonomy_info":[],"featured_image_src_large":false,"author_info":{"display_name":"Vlidi","author_link":"https:\/\/www.rwfund.org\/eng\/author\/testadmin\/"},"comment_info":0,"_links":{"self":[{"href":"https:\/\/www.rwfund.org\/eng\/wp-json\/wp\/v2\/pages\/14199","targetHints":{"allow":["GET"]}}],"collection":[{"href":"https:\/\/www.rwfund.org\/eng\/wp-json\/wp\/v2\/pages"}],"about":[{"href":"https:\/\/www.rwfund.org\/eng\/wp-json\/wp\/v2\/types\/page"}],"author":[{"embeddable":true,"href":"https:\/\/www.rwfund.org\/eng\/wp-json\/wp\/v2\/users\/1"}],"replies":[{"embeddable":true,"href":"https:\/\/www.rwfund.org\/eng\/wp-json\/wp\/v2\/comments?post=14199"}],"version-history":[{"count":10,"href":"https:\/\/www.rwfund.org\/eng\/wp-json\/wp\/v2\/pages\/14199\/revisions"}],"predecessor-version":[{"id":16539,"href":"https:\/\/www.rwfund.org\/eng\/wp-json\/wp\/v2\/pages\/14199\/revisions\/16539"}],"up":[{"embeddable":true,"href":"https:\/\/www.rwfund.org\/eng\/wp-json\/wp\/v2\/pages\/14212"}],"wp:attachment":[{"href":"https:\/\/www.rwfund.org\/eng\/wp-json\/wp\/v2\/media?parent=14199"}],"wp:term":[{"taxonomy":"category","embeddable":true,"href":"https:\/\/www.rwfund.org\/eng\/wp-json\/wp\/v2\/categories?post=14199"},{"taxonomy":"post_tag","embeddable":true,"href":"https:\/\/www.rwfund.org\/eng\/wp-json\/wp\/v2\/tags?post=14199"}],"curies":[{"name":"wp","href":"https:\/\/api.w.org\/{rel}","templated":true}]}}