{"id":2497,"date":"2018-01-28T23:11:34","date_gmt":"2018-01-28T21:11:34","guid":{"rendered":"https:\/\/www.rwfund.org\/eng\/?page_id=2497"},"modified":"2018-01-28T23:27:33","modified_gmt":"2018-01-28T21:27:33","slug":"hscdib-publication","status":"publish","type":"page","link":"https:\/\/www.rwfund.org\/eng\/join-in-old\/how-sisters-could-do-it-best\/hscdib-publication\/","title":{"rendered":"#HSCDIB \/ PUBLICATION"},"content":{"rendered":"<p>&nbsp;<\/p>\n<p><a href=\"https:\/\/www.rwfund.org\/eng\"><strong>Reconstruction Women\u2019s Fund<\/strong><\/a>\u00a0presents the\u00a0<strong>#HSCDIB\u00a0publication<\/strong> as part of our campaign\u00a0<strong style=\"color: #ef4d58;\"><a style=\"color: #ef4d58;\" href=\"https:\/\/www.rwfund.org\/eng\/join-in\/how-sisters-could-do-it-best\/\">HOW SISTERS COULD DO IT BEST<\/a>!<\/strong><\/p>\n<p>From the Introduction by Zoe Gudovi\u0107:<\/p>\n<blockquote><p>In 2017 we launched the educational campaign HOW SISTERS COULD DO IT BEST! First as a pilot project that included a seminar, workshops and practical actions, as well as a press conference where 23 persons from 7 towns of Serbia took part. Participants of various interests came from several fields of work and activism, such as struggle against violence against women, struggle against human trafficking, work on human rights \u2013 particularly LGBTQ, labor, students\u2019 and rights of persons with disabilities, economic empowerment of women and social entrepreneurship, art (literature, music, animation), social theory, education, local policies, preserving and conquering public spaces, but common ground for all were feminism and struggle for social justice. This group of people of different experiences, ages and knowledge, went through practical and theoretical education on: public money distribution and managing, kinds of corruption and how widespread are they, usefulness of collecting and spending public money, right to information of public importance, budgeting and human rights, austerity measures, public participation in decision making at local level, with a special emphasis on the budgeting process, our own responsibilities and obligations when it comes to spending money that is not ours, practices of raising money at local level, communication, planning organization and producing actions, as well as working on our bodies, voices and public appearances.<\/p><\/blockquote>\n<p>&nbsp;<\/p>\n<blockquote>\n<p style=\"text-align: left;\">Therefore it is important for us to initiate discussions on the problems we live in. Recognition of importance of knowledge and financial literacy is part of the solution of major problems. Publication before you opens possibility to understand each other better and understand why we started the educational campaign, but above all to inform us on the steps of some processes and decisions.<\/p>\n<\/blockquote>\n<p style=\"text-align: left;\"><a href=\"https:\/\/www.rwfund.org\/eng\/wp-content\/uploads\/sites\/2\/2018\/01\/2017-sestre-publikacija-EN-WEB-single.pdf\"><img loading=\"lazy\" decoding=\"async\" class=\"aligncenter size-full wp-image-2498\" src=\"https:\/\/www.rwfund.org\/eng\/wp-content\/uploads\/sites\/2\/2018\/01\/sestrePUB-trakiza.jpg\" alt=\"sestrePUB-trakiza\" width=\"1024\" height=\"109\" srcset=\"https:\/\/www.rwfund.org\/eng\/wp-content\/uploads\/sites\/2\/2018\/01\/sestrePUB-trakiza.jpg 1024w, https:\/\/www.rwfund.org\/eng\/wp-content\/uploads\/sites\/2\/2018\/01\/sestrePUB-trakiza-300x32.jpg 300w, https:\/\/www.rwfund.org\/eng\/wp-content\/uploads\/sites\/2\/2018\/01\/sestrePUB-trakiza-768x82.jpg 768w\" sizes=\"auto, (max-width: 1024px) 100vw, 1024px\" \/><\/a><\/p>\n<hr \/>\n<p><span style=\"text-decoration: underline;\"><strong>CONTENTS:<\/strong><\/span><\/p>\n<p><strong>INTRODUCTION:<\/strong> Zoe Gudovi\u0107<\/p>\n<p><strong>CONTEXT <\/strong><\/p>\n<ul>\n<li><strong>Austerity Measures vs Human Rights<\/strong> &#8211; Danilo \u0106ur\u010di\u0107<\/li>\n<\/ul>\n<p><strong>MONEY, POLITICS, LEARNING <\/strong><\/p>\n<ul>\n<li><strong>Gimme Money<\/strong> &#8211; Marija Jakovljevi\u0107<\/li>\n<li><strong>Mirrored in the Buget<\/strong> &#8211; Mirjana Mirosavljevi\u0107 Bobi\u0107<\/li>\n<li><strong>Experimental Learning Through HSCDIB<\/strong> &#8211; Marija Jakovljevi\u0107<\/li>\n<\/ul>\n<p><strong>EXPERIENCES <\/strong><\/p>\n<ul>\n<li><strong>Why We All Need The Campaign \u201cHow Sisters Could Do It Best\u201d<\/strong> &#8211; Selena Simi\u0107<\/li>\n<li><strong>From Theory to Practice and Back: How Sisters Could Do It Best\u201d<\/strong> &#8211; Katarina Antoni\u0107<\/li>\n<\/ul>\n<p><strong>PRACTICUM <\/strong><\/p>\n<ul>\n<li><strong>Information of public importance<\/strong> &#8211; Milena Vasi\u0107<\/li>\n<li><strong>Public Participation: Obligation of Institutions<\/strong> &#8211; Radmila Mikovi\u0107<\/li>\n<li><strong>Democratization Starts From Community Councils: Posibilities and Politics of Organized People<\/strong> &#8211; Branka \u0106ur\u010di\u0107<\/li>\n<li><strong>Presenting the Organization: How to Communicate Our Goal<\/strong> &#8211; Mladen Jovanovi\u0107<\/li>\n<\/ul>\n<p>&nbsp;<\/p>\n<p><a href=\"https:\/\/www.rwfund.org\/eng\/wp-content\/uploads\/sites\/2\/2018\/01\/2017-sestre-publikacija-EN-WEB-single.pdf\"><img loading=\"lazy\" decoding=\"async\" class=\"aligncenter size-full wp-image-2499\" src=\"https:\/\/www.rwfund.org\/eng\/wp-content\/uploads\/sites\/2\/2018\/01\/2017-sestre-publikacija-NSL-EN.jpg\" alt=\"! 2017 sestre publikacija NSL EN\" width=\"1024\" height=\"1459\" srcset=\"https:\/\/www.rwfund.org\/eng\/wp-content\/uploads\/sites\/2\/2018\/01\/2017-sestre-publikacija-NSL-EN.jpg 1024w, https:\/\/www.rwfund.org\/eng\/wp-content\/uploads\/sites\/2\/2018\/01\/2017-sestre-publikacija-NSL-EN-211x300.jpg 211w, https:\/\/www.rwfund.org\/eng\/wp-content\/uploads\/sites\/2\/2018\/01\/2017-sestre-publikacija-NSL-EN-719x1024.jpg 719w, https:\/\/www.rwfund.org\/eng\/wp-content\/uploads\/sites\/2\/2018\/01\/2017-sestre-publikacija-NSL-EN-768x1094.jpg 768w\" sizes=\"auto, (max-width: 1024px) 100vw, 1024px\" \/><\/a><\/p>\n<hr \/>\n<p><strong>Published by<\/strong>: Reconstruction Women\u2019s Fund<\/p>\n<p><strong>Publisher:<\/strong> Mirjana Mirosavljevi\u0107 Bobi\u0107<\/p>\n<p><strong>Editors:<\/strong> Marija Jakovljevi\u0107, Zoe Gudovi\u0107<\/p>\n<p><strong>HSCDIB work team:<\/strong> Zoe Gudovi\u0107, Mirjana Mirosavljevi\u0107 Bobi\u0107, Marija Jakovljevi\u0107, Selena Simi\u0107, Sa\u0161a Trbanos, Vladimir Jeri\u0107-Vlidi, Katarina Popovi\u0107<\/p>\n<p><strong>Visual identity, graphic design and layout:<\/strong> Katarina Popovi\u0107<\/p>\n<p><strong>Traslation and proofreading:<\/strong> Ana Im\u0161irovi\u0107 \u0110or\u0111evi\u0107<\/p>\n<p><strong>Financial Support:<\/strong> Mama Cash<\/p>\n<p>&nbsp;<\/p>\n<p>&nbsp;<\/p>\n<p>&nbsp;<\/p>\n","protected":false},"excerpt":{"rendered":"<p>&nbsp; Reconstruction Women\u2019s Fund\u00a0presents the\u00a0#HSCDIB\u00a0publication as part of our campaign\u00a0HOW SISTERS COULD DO IT BEST! From the Introduction by Zoe Gudovi\u0107: In 2017 we launched the educational campaign HOW SISTERS COULD DO IT BEST! First as a pilot project that included a seminar, workshops and practical actions, as well as a press conference where 23 &#8230; <a title=\"#HSCDIB \/ PUBLICATION\" class=\"read-more\" href=\"https:\/\/www.rwfund.org\/eng\/join-in-old\/how-sisters-could-do-it-best\/hscdib-publication\/\" aria-label=\"Read more about #HSCDIB \/ PUBLICATION\">MORE<\/a><\/p>\n","protected":false},"author":1,"featured_media":0,"parent":2364,"menu_order":0,"comment_status":"closed","ping_status":"closed","template":"","meta":{"_kad_blocks_custom_css":"","_kad_blocks_head_custom_js":"","_kad_blocks_body_custom_js":"","_kad_blocks_footer_custom_js":"","footnotes":""},"categories":[],"tags":[],"class_list":{"0":"post-2497","1":"page","2":"type-page","3":"status-publish","5":"infinite-scroll-item","6":"no-featured-image-padding"},"yoast_head":"<!-- This site is optimized with the Yoast SEO plugin v27.4 - https:\/\/yoast.com\/product\/yoast-seo-wordpress\/ -->\n<title>#HSCDIB \/ PUBLICATION - Reconstruction Women&#039;s Fund<\/title>\n<meta name=\"robots\" content=\"index, follow, max-snippet:-1, max-image-preview:large, max-video-preview:-1\" \/>\n<link rel=\"canonical\" href=\"https:\/\/www.rwfund.org\/eng\/join-in-old\/how-sisters-could-do-it-best\/hscdib-publication\/\" \/>\n<meta property=\"og:locale\" content=\"en_US\" \/>\n<meta property=\"og:type\" content=\"article\" \/>\n<meta property=\"og:title\" content=\"#HSCDIB \/ PUBLICATION - Reconstruction Women&#039;s Fund\" \/>\n<meta property=\"og:description\" content=\"&nbsp; Reconstruction Women\u2019s Fund\u00a0presents the\u00a0#HSCDIB\u00a0publication as part of our campaign\u00a0HOW SISTERS COULD DO IT BEST! From the Introduction by Zoe Gudovi\u0107: In 2017 we launched the educational campaign HOW SISTERS COULD DO IT BEST! First as a pilot project that included a seminar, workshops and practical actions, as well as a press conference where 23 ... MORE\" \/>\n<meta property=\"og:url\" content=\"https:\/\/www.rwfund.org\/eng\/join-in-old\/how-sisters-could-do-it-best\/hscdib-publication\/\" \/>\n<meta property=\"og:site_name\" content=\"Reconstruction Women&#039;s Fund\" \/>\n<meta property=\"article:modified_time\" content=\"2018-01-28T21:27:33+00:00\" \/>\n<meta property=\"og:image\" content=\"https:\/\/www.rwfund.org\/eng\/wp-content\/uploads\/sites\/2\/2018\/01\/sestrePUB-trakiza.jpg\" \/>\n<meta name=\"twitter:card\" content=\"summary_large_image\" \/>\n<meta name=\"twitter:label1\" content=\"Est. reading time\" \/>\n\t<meta name=\"twitter:data1\" content=\"2 minutes\" \/>\n<script type=\"application\/ld+json\" class=\"yoast-schema-graph\">{\"@context\":\"https:\\\/\\\/schema.org\",\"@graph\":[{\"@type\":\"WebPage\",\"@id\":\"https:\\\/\\\/www.rwfund.org\\\/eng\\\/join-in-old\\\/how-sisters-could-do-it-best\\\/hscdib-publication\\\/\",\"url\":\"https:\\\/\\\/www.rwfund.org\\\/eng\\\/join-in-old\\\/how-sisters-could-do-it-best\\\/hscdib-publication\\\/\",\"name\":\"#HSCDIB \\\/ PUBLICATION - Reconstruction Women&#039;s Fund\",\"isPartOf\":{\"@id\":\"https:\\\/\\\/www.rwfund.org\\\/eng\\\/#website\"},\"primaryImageOfPage\":{\"@id\":\"https:\\\/\\\/www.rwfund.org\\\/eng\\\/join-in-old\\\/how-sisters-could-do-it-best\\\/hscdib-publication\\\/#primaryimage\"},\"image\":{\"@id\":\"https:\\\/\\\/www.rwfund.org\\\/eng\\\/join-in-old\\\/how-sisters-could-do-it-best\\\/hscdib-publication\\\/#primaryimage\"},\"thumbnailUrl\":\"https:\\\/\\\/www.rwfund.org\\\/eng\\\/wp-content\\\/uploads\\\/sites\\\/2\\\/2018\\\/01\\\/sestrePUB-trakiza.jpg\",\"datePublished\":\"2018-01-28T21:11:34+00:00\",\"dateModified\":\"2018-01-28T21:27:33+00:00\",\"breadcrumb\":{\"@id\":\"https:\\\/\\\/www.rwfund.org\\\/eng\\\/join-in-old\\\/how-sisters-could-do-it-best\\\/hscdib-publication\\\/#breadcrumb\"},\"inLanguage\":\"en-US\",\"potentialAction\":[{\"@type\":\"ReadAction\",\"target\":[\"https:\\\/\\\/www.rwfund.org\\\/eng\\\/join-in-old\\\/how-sisters-could-do-it-best\\\/hscdib-publication\\\/\"]}]},{\"@type\":\"ImageObject\",\"inLanguage\":\"en-US\",\"@id\":\"https:\\\/\\\/www.rwfund.org\\\/eng\\\/join-in-old\\\/how-sisters-could-do-it-best\\\/hscdib-publication\\\/#primaryimage\",\"url\":\"https:\\\/\\\/www.rwfund.org\\\/eng\\\/wp-content\\\/uploads\\\/sites\\\/2\\\/2018\\\/01\\\/sestrePUB-trakiza.jpg\",\"contentUrl\":\"https:\\\/\\\/www.rwfund.org\\\/eng\\\/wp-content\\\/uploads\\\/sites\\\/2\\\/2018\\\/01\\\/sestrePUB-trakiza.jpg\",\"width\":1024,\"height\":109},{\"@type\":\"BreadcrumbList\",\"@id\":\"https:\\\/\\\/www.rwfund.org\\\/eng\\\/join-in-old\\\/how-sisters-could-do-it-best\\\/hscdib-publication\\\/#breadcrumb\",\"itemListElement\":[{\"@type\":\"ListItem\",\"position\":1,\"name\":\"Home\",\"item\":\"https:\\\/\\\/www.rwfund.org\\\/eng\\\/\"},{\"@type\":\"ListItem\",\"position\":2,\"name\":\"Get Involved-OLD\",\"item\":\"https:\\\/\\\/www.rwfund.org\\\/eng\\\/?page_id=17\"},{\"@type\":\"ListItem\",\"position\":3,\"name\":\"HOW SISTERS COULD DO IT BEST\",\"item\":\"https:\\\/\\\/www.rwfund.org\\\/eng\\\/join-in-old\\\/how-sisters-could-do-it-best\\\/\"},{\"@type\":\"ListItem\",\"position\":4,\"name\":\"#HSCDIB \\\/ PUBLICATION\"}]},{\"@type\":\"WebSite\",\"@id\":\"https:\\\/\\\/www.rwfund.org\\\/eng\\\/#website\",\"url\":\"https:\\\/\\\/www.rwfund.org\\\/eng\\\/\",\"name\":\"Reconstruction Women&#039;s Fund\",\"description\":\"Reconstruction Women&#039;s Fund\",\"publisher\":{\"@id\":\"https:\\\/\\\/www.rwfund.org\\\/eng\\\/#organization\"},\"potentialAction\":[{\"@type\":\"SearchAction\",\"target\":{\"@type\":\"EntryPoint\",\"urlTemplate\":\"https:\\\/\\\/www.rwfund.org\\\/eng\\\/?s={search_term_string}\"},\"query-input\":{\"@type\":\"PropertyValueSpecification\",\"valueRequired\":true,\"valueName\":\"search_term_string\"}}],\"inLanguage\":\"en-US\"},{\"@type\":\"Organization\",\"@id\":\"https:\\\/\\\/www.rwfund.org\\\/eng\\\/#organization\",\"name\":\"Reconstruction Women's Fund\",\"url\":\"https:\\\/\\\/www.rwfund.org\\\/eng\\\/\",\"logo\":{\"@type\":\"ImageObject\",\"inLanguage\":\"en-US\",\"@id\":\"https:\\\/\\\/www.rwfund.org\\\/eng\\\/#\\\/schema\\\/logo\\\/image\\\/\",\"url\":\"https:\\\/\\\/www.rwfund.org\\\/eng\\\/wp-content\\\/uploads\\\/sites\\\/2\\\/2021\\\/03\\\/LOGO-CROP_V1.svg\",\"contentUrl\":\"https:\\\/\\\/www.rwfund.org\\\/eng\\\/wp-content\\\/uploads\\\/sites\\\/2\\\/2021\\\/03\\\/LOGO-CROP_V1.svg\",\"width\":420,\"height\":640,\"caption\":\"Reconstruction Women's Fund\"},\"image\":{\"@id\":\"https:\\\/\\\/www.rwfund.org\\\/eng\\\/#\\\/schema\\\/logo\\\/image\\\/\"}}]}<\/script>\n<!-- \/ Yoast SEO plugin. -->","yoast_head_json":{"title":"#HSCDIB \/ PUBLICATION - Reconstruction Women&#039;s Fund","robots":{"index":"index","follow":"follow","max-snippet":"max-snippet:-1","max-image-preview":"max-image-preview:large","max-video-preview":"max-video-preview:-1"},"canonical":"https:\/\/www.rwfund.org\/eng\/join-in-old\/how-sisters-could-do-it-best\/hscdib-publication\/","og_locale":"en_US","og_type":"article","og_title":"#HSCDIB \/ PUBLICATION - Reconstruction Women&#039;s Fund","og_description":"&nbsp; Reconstruction Women\u2019s Fund\u00a0presents the\u00a0#HSCDIB\u00a0publication as part of our campaign\u00a0HOW SISTERS COULD DO IT BEST! From the Introduction by Zoe Gudovi\u0107: In 2017 we launched the educational campaign HOW SISTERS COULD DO IT BEST! First as a pilot project that included a seminar, workshops and practical actions, as well as a press conference where 23 ... MORE","og_url":"https:\/\/www.rwfund.org\/eng\/join-in-old\/how-sisters-could-do-it-best\/hscdib-publication\/","og_site_name":"Reconstruction Women&#039;s Fund","article_modified_time":"2018-01-28T21:27:33+00:00","og_image":[{"url":"https:\/\/www.rwfund.org\/eng\/wp-content\/uploads\/sites\/2\/2018\/01\/sestrePUB-trakiza.jpg","type":"","width":"","height":""}],"twitter_card":"summary_large_image","twitter_misc":{"Est. reading time":"2 minutes"},"schema":{"@context":"https:\/\/schema.org","@graph":[{"@type":"WebPage","@id":"https:\/\/www.rwfund.org\/eng\/join-in-old\/how-sisters-could-do-it-best\/hscdib-publication\/","url":"https:\/\/www.rwfund.org\/eng\/join-in-old\/how-sisters-could-do-it-best\/hscdib-publication\/","name":"#HSCDIB \/ PUBLICATION - Reconstruction Women&#039;s Fund","isPartOf":{"@id":"https:\/\/www.rwfund.org\/eng\/#website"},"primaryImageOfPage":{"@id":"https:\/\/www.rwfund.org\/eng\/join-in-old\/how-sisters-could-do-it-best\/hscdib-publication\/#primaryimage"},"image":{"@id":"https:\/\/www.rwfund.org\/eng\/join-in-old\/how-sisters-could-do-it-best\/hscdib-publication\/#primaryimage"},"thumbnailUrl":"https:\/\/www.rwfund.org\/eng\/wp-content\/uploads\/sites\/2\/2018\/01\/sestrePUB-trakiza.jpg","datePublished":"2018-01-28T21:11:34+00:00","dateModified":"2018-01-28T21:27:33+00:00","breadcrumb":{"@id":"https:\/\/www.rwfund.org\/eng\/join-in-old\/how-sisters-could-do-it-best\/hscdib-publication\/#breadcrumb"},"inLanguage":"en-US","potentialAction":[{"@type":"ReadAction","target":["https:\/\/www.rwfund.org\/eng\/join-in-old\/how-sisters-could-do-it-best\/hscdib-publication\/"]}]},{"@type":"ImageObject","inLanguage":"en-US","@id":"https:\/\/www.rwfund.org\/eng\/join-in-old\/how-sisters-could-do-it-best\/hscdib-publication\/#primaryimage","url":"https:\/\/www.rwfund.org\/eng\/wp-content\/uploads\/sites\/2\/2018\/01\/sestrePUB-trakiza.jpg","contentUrl":"https:\/\/www.rwfund.org\/eng\/wp-content\/uploads\/sites\/2\/2018\/01\/sestrePUB-trakiza.jpg","width":1024,"height":109},{"@type":"BreadcrumbList","@id":"https:\/\/www.rwfund.org\/eng\/join-in-old\/how-sisters-could-do-it-best\/hscdib-publication\/#breadcrumb","itemListElement":[{"@type":"ListItem","position":1,"name":"Home","item":"https:\/\/www.rwfund.org\/eng\/"},{"@type":"ListItem","position":2,"name":"Get Involved-OLD","item":"https:\/\/www.rwfund.org\/eng\/?page_id=17"},{"@type":"ListItem","position":3,"name":"HOW SISTERS COULD DO IT BEST","item":"https:\/\/www.rwfund.org\/eng\/join-in-old\/how-sisters-could-do-it-best\/"},{"@type":"ListItem","position":4,"name":"#HSCDIB \/ PUBLICATION"}]},{"@type":"WebSite","@id":"https:\/\/www.rwfund.org\/eng\/#website","url":"https:\/\/www.rwfund.org\/eng\/","name":"Reconstruction Women&#039;s Fund","description":"Reconstruction Women&#039;s Fund","publisher":{"@id":"https:\/\/www.rwfund.org\/eng\/#organization"},"potentialAction":[{"@type":"SearchAction","target":{"@type":"EntryPoint","urlTemplate":"https:\/\/www.rwfund.org\/eng\/?s={search_term_string}"},"query-input":{"@type":"PropertyValueSpecification","valueRequired":true,"valueName":"search_term_string"}}],"inLanguage":"en-US"},{"@type":"Organization","@id":"https:\/\/www.rwfund.org\/eng\/#organization","name":"Reconstruction Women's Fund","url":"https:\/\/www.rwfund.org\/eng\/","logo":{"@type":"ImageObject","inLanguage":"en-US","@id":"https:\/\/www.rwfund.org\/eng\/#\/schema\/logo\/image\/","url":"https:\/\/www.rwfund.org\/eng\/wp-content\/uploads\/sites\/2\/2021\/03\/LOGO-CROP_V1.svg","contentUrl":"https:\/\/www.rwfund.org\/eng\/wp-content\/uploads\/sites\/2\/2021\/03\/LOGO-CROP_V1.svg","width":420,"height":640,"caption":"Reconstruction Women's Fund"},"image":{"@id":"https:\/\/www.rwfund.org\/eng\/#\/schema\/logo\/image\/"}}]}},"taxonomy_info":[],"featured_image_src_large":false,"author_info":{"display_name":"Vlidi","author_link":"https:\/\/www.rwfund.org\/eng\/author\/testadmin\/"},"comment_info":0,"_links":{"self":[{"href":"https:\/\/www.rwfund.org\/eng\/wp-json\/wp\/v2\/pages\/2497","targetHints":{"allow":["GET"]}}],"collection":[{"href":"https:\/\/www.rwfund.org\/eng\/wp-json\/wp\/v2\/pages"}],"about":[{"href":"https:\/\/www.rwfund.org\/eng\/wp-json\/wp\/v2\/types\/page"}],"author":[{"embeddable":true,"href":"https:\/\/www.rwfund.org\/eng\/wp-json\/wp\/v2\/users\/1"}],"replies":[{"embeddable":true,"href":"https:\/\/www.rwfund.org\/eng\/wp-json\/wp\/v2\/comments?post=2497"}],"version-history":[{"count":5,"href":"https:\/\/www.rwfund.org\/eng\/wp-json\/wp\/v2\/pages\/2497\/revisions"}],"predecessor-version":[{"id":2515,"href":"https:\/\/www.rwfund.org\/eng\/wp-json\/wp\/v2\/pages\/2497\/revisions\/2515"}],"up":[{"embeddable":true,"href":"https:\/\/www.rwfund.org\/eng\/wp-json\/wp\/v2\/pages\/2364"}],"wp:attachment":[{"href":"https:\/\/www.rwfund.org\/eng\/wp-json\/wp\/v2\/media?parent=2497"}],"wp:term":[{"taxonomy":"category","embeddable":true,"href":"https:\/\/www.rwfund.org\/eng\/wp-json\/wp\/v2\/categories?post=2497"},{"taxonomy":"post_tag","embeddable":true,"href":"https:\/\/www.rwfund.org\/eng\/wp-json\/wp\/v2\/tags?post=2497"}],"curies":[{"name":"wp","href":"https:\/\/api.w.org\/{rel}","templated":true}]}}