{"id":2665,"date":"2018-10-18T23:52:39","date_gmt":"2018-10-18T21:52:39","guid":{"rendered":"https:\/\/www.rwfund.org\/eng\/?page_id=2665"},"modified":"2019-02-13T02:29:24","modified_gmt":"2019-02-13T00:29:24","slug":"hscdib-2-seminar","status":"publish","type":"page","link":"https:\/\/www.rwfund.org\/eng\/join-in-old\/how-sisters-could-do-it-best\/hscdib-2\/hscdib-2-seminar\/","title":{"rendered":"HSCDIB 2 SEMINAR"},"content":{"rendered":"<p style=\"color: #000000;\">First part of the educational campaign\u00a0<strong>\u201cHow sisters could do it best 2\u201d<\/strong>, which has been organized and created by Reconstruction Women\u2019s fund, has been successfully completed. From 6th\u00a0of July until 8th\u00a0of July in Hotel Park, Belgrade. Reconstruction Women\u2019s fund hosted 20 participants from Belgrade, Ni\u0161, Sombor, Pirot, Kostolac, Vlasotince, Zrenjanin and Pan\u010devo. Participants come from various activist fields, social sciences, music, literature, sports, politics and different NGOs. During these three days they had a chance to listen to and participate in four three-hour lectures, which were held by:<\/p>\n<p>&#8211;\u00a0\u00a0\u00a0\u00a0<strong><a href=\"#danilo\">Danilo \u0106ur\u010di\u0107<\/a><\/strong>,\u00a0<span style=\"color: #000000;\">law graduate, program coordinator of the Initiative for economic and social rights \u2013 A 11<\/span><\/p>\n<p>&#8211;\u00a0\u00a0\u00a0\u00a0<strong><a href=\"#milena\">Milena Vasi\u0107<\/a><\/strong>,\u00a0<span style=\"color: #000000;\">legal advisor in Lawyers\u2019 committee for Human Rights \u2013 YUCOM<\/span><\/p>\n<p>&#8211;\u00a0\u00a0\u00a0\u00a0<strong><a href=\"#maja\">Maja Krek<\/a><\/strong>,\u00a0<span style=\"color: #000000;\">activist, researcher and associates in teaching at the Department of Sociology at the Faculty of Philosophy in Belgrade<\/span><\/p>\n<p>&#8211;\u00a0\u00a0\u00a0\u00a0<strong><a href=\"#nevena\">Nevena Ru\u017ei\u0107<\/a><\/strong>,\u00a0<span style=\"color: #000000;\">assistant to the Secretary General Information Commissioner Serbia<\/span><\/p>\n<p style=\"color: #000000;\">Apart from the three official lecturers, Marija Papi\u0107-\u0110uri\u0107 and Marko Paunovi\u0107, last year\u2019s participants, shared their impressions and experiences. During these workshops and lectures most of the participants were really active and motivated for work.<\/p>\n<hr \/>\n<p>[Best_Wordpress_Gallery id=&#8221;14&#8243; gal_title=&#8221;HCSDIB 2 SEMINAR&#8221;]<\/p>\n<hr \/>\n<p>&nbsp;<\/p>\n<p><a href=\"https:\/\/www.rwfund.org\/eng\/join-in\/how-sisters-could-do-it-best\/hscdib-2\/\"><img loading=\"lazy\" decoding=\"async\" class=\"aligncenter size-full wp-image-10828\" src=\"https:\/\/www.rwfund.org\/wp-content\/uploads\/2018\/07\/agenda-strana-1.jpg\" alt=\"agenda strana 1\" width=\"1000\" height=\"1415\" \/><\/a><\/p>\n<p><a href=\"https:\/\/www.rwfund.org\/eng\/join-in\/how-sisters-could-do-it-best\/hscdib-2\/\"><img loading=\"lazy\" decoding=\"async\" class=\"aligncenter wp-image-10827 size-full\" src=\"https:\/\/www.rwfund.org\/wp-content\/uploads\/2018\/07\/agenda-strana-2-e1530570946738.jpg\" alt=\"agenda strana 2\" width=\"997\" height=\"1383\" \/><\/a><\/p>\n<p><a href=\"https:\/\/www.rwfund.org\/eng\/join-in\/how-sisters-could-do-it-best\/hscdib-2\/\"><img loading=\"lazy\" decoding=\"async\" class=\"aligncenter size-full wp-image-10826\" src=\"https:\/\/www.rwfund.org\/wp-content\/uploads\/2018\/07\/agenda-strana-3.jpg\" alt=\"agenda strana 3\" width=\"1000\" height=\"1415\" \/><\/a><\/p>\n<p><a href=\"https:\/\/www.rwfund.org\/eng\/join-in\/how-sisters-could-do-it-best\/hscdib-2\/\"><img loading=\"lazy\" decoding=\"async\" class=\"aligncenter size-full wp-image-10825\" src=\"https:\/\/www.rwfund.org\/wp-content\/uploads\/2018\/07\/agenda-strana-4.jpg\" alt=\"agenda strana 4\" width=\"1000\" height=\"1415\" \/><\/a><\/p>\n<p>&nbsp;<\/p>\n<hr \/>\n<p>&nbsp;<\/p>\n<p><a href=\"https:\/\/www.rwfund.org\/eng\/join-in\/how-sisters-could-do-it-best\/hscdib-2\/\"><img loading=\"lazy\" decoding=\"async\" class=\"aligncenter size-full wp-image-10800\" src=\"https:\/\/www.rwfund.org\/wp-content\/uploads\/2018\/06\/KDSTRN2-milena.jpg\" alt=\"KDSTRN2 milena\" width=\"800\" height=\"1200\" \/><\/a><\/p>\n<p><strong>Milena Vasi\u0107<\/strong>\u00a0was born in 1985 in Smederevska Palanka, completed Union University Faculty of Law in Belgrade in 2009, and passed the bar exam in 2017. She currently works as a legal advisor in the Lawyers` Committee for Human Rights \u2013 YUCOM.<\/p>\n<p>For seven years already she has been active in the field of human rights, both as a professional and as an activist, with the emphasis on the position of marginalized social groups, especially LGBT population and women. Apart from that, she is engaged in projects dealing with the freedom of assembly, media rights and freedoms, the state actions in emergency situations, assistance to citizens for self-representation in court, free of charge legal aid, position of refugees in Serbia and other countries.<\/p>\n<p>As an associate and a researcher she took part in several research and trainings in different fields of human rights.<\/p>\n<p><a href=\"#top\">Back to top<\/a><\/p>\n<hr \/>\n<p>&nbsp;<\/p>\n<h1><a href=\"https:\/\/www.rwfund.org\/eng\/join-in\/how-sisters-could-do-it-best\/hscdib-2\/\"><img loading=\"lazy\" decoding=\"async\" class=\"aligncenter size-full wp-image-10843\" src=\"https:\/\/www.rwfund.org\/wp-content\/uploads\/2018\/07\/KDSTRN2-nevena.jpg\" alt=\"KDSTRN2 nevena\" width=\"1000\" height=\"1500\" \/><\/a><\/h1>\n<p><strong>Nevena Ru\u017ei\u0107<\/strong> is Assistant to the Secretary General at Information Commissioner Serbia. Since 2009, she has been an assistant to the Secretary General at Information Commissioner and is responsible for Department of Harmonization. Her field of work is information law: free access to the information, freedom of speech, privacy right, personal data protection, the confidentiality of information, protection of the \u201cwhistleblowers\u201d, internet governance which includes both online and as well \u201coffline\u201d information. Since 2012, she has been chosen for a member of Data Protection Bureau by Council of Europe Convention for personal data protection. She graduated at the Law Faculty of University of Belgrade in 2002. and got her masters diploma at Law Faculty of Leeds University (in 2008, on topic of relations in right to privacy and access to information) and other master\u2019s degree at Studies of Contemporary Diplomacy at Malta University (in 2006, on topic internet governance).<\/p>\n<p style=\"text-align: left; padding-left: 30px;\"><strong>Data is value (and therefore responsibility)<\/strong><br \/>\nDuring this part of the seminar participant will be reminded of the value of personal data, the importance of right to data protection and privacy rights, and as well reminded of the responsibility which is held by those who process their data. At the same time, we will be talking about how we ourselves are giving our personal data and data from other people so easily.<\/p>\n<p>&nbsp;<\/p>\n<p><a href=\"#top\">Back to top<\/a><\/p>\n<hr \/>\n<p>&nbsp;<\/p>\n<h2><a href=\"https:\/\/www.rwfund.org\/eng\/join-in\/how-sisters-could-do-it-best\/hscdib-2\/\"><img loading=\"lazy\" decoding=\"async\" class=\"aligncenter size-full wp-image-10844\" src=\"https:\/\/www.rwfund.org\/wp-content\/uploads\/2018\/07\/KDSTRN2-maja.jpg\" alt=\"KDSTRN2 maja\" width=\"1000\" height=\"1500\" \/><\/a><\/h2>\n<p><strong>Maja Krek<\/strong> is activist, researcher and associate in teaching at the Department of Sociology at the Faculty of Philosophy in Belgrade.<\/p>\n<p style=\"padding-left: 30px;\"><strong>Process of searching for the true data and deconstruction of political manipulation<\/strong><br \/>\nWe are often confronted with lies and semi-truths in media space, which are presented as facts. We will go through some topic which have been popular in recent months and also go through the process of searching for true data and deconstruction of political manipulation.<\/p>\n<p><a href=\"#top\">Back to top<\/a><\/p>\n<hr \/>\n<p><a id=\"danilo\"><\/a><br \/>\n<a href=\"https:\/\/www.rwfund.org\/eng\/join-in\/how-sisters-could-do-it-best\/hscdib-2\/\"><img loading=\"lazy\" decoding=\"async\" class=\"aligncenter size-full wp-image-10798\" src=\"https:\/\/www.rwfund.org\/wp-content\/uploads\/2018\/06\/KDSTRN2-danilo.jpg\" alt=\"KDSTRN2 danilo\" width=\"800\" height=\"1200\" \/><\/a><\/p>\n<p><strong>Danilo \u0106ur\u010di\u0107<\/strong>, bachelor of laws (The Faculty of Law of the Belgrade University, Human Rights Centre of the Faculty of Law of the University of Essex), dealing with issues concerning Roma, access to economic and social rights, antidiscrimination and access to justice. He has worked on some of the most significant cases of forced evictions, discrimination against Roma community in container settlements in Belgrade, and social housing issues. He has also been engaged in the proceedings before the Constitutional Court related to different issues that could roughly be defined as the issues of poverty and human rights \u2013 from imposing compulsory unpaid work for the beneficiaries of financial social assistance to taxes on refugee social housing.<\/p>\n<p>Fields of interest: economic and social rights, right to adequate housing, budget analysis of human rights.<\/p>\n<p>&nbsp;<\/p>\n<p><a href=\"#top\">Back to top<\/a><\/p>\n<hr \/>\n<p>&nbsp;<\/p>\n<p>&nbsp;<\/p>\n<p>&nbsp;<\/p>\n<p>&nbsp;<\/p>\n","protected":false},"excerpt":{"rendered":"<p>First part of the educational campaign\u00a0\u201cHow sisters could do it best 2\u201d, which has been organized and created by Reconstruction Women\u2019s fund, has been successfully completed. From 6th\u00a0of July until 8th\u00a0of July in Hotel Park, Belgrade. Reconstruction Women\u2019s fund hosted 20 participants from Belgrade, Ni\u0161, Sombor, Pirot, Kostolac, Vlasotince, Zrenjanin and Pan\u010devo. Participants come from &#8230; <a title=\"HSCDIB 2 SEMINAR\" class=\"read-more\" href=\"https:\/\/www.rwfund.org\/eng\/join-in-old\/how-sisters-could-do-it-best\/hscdib-2\/hscdib-2-seminar\/\" aria-label=\"Read more about HSCDIB 2 SEMINAR\">MORE<\/a><\/p>\n","protected":false},"author":1,"featured_media":0,"parent":2660,"menu_order":0,"comment_status":"closed","ping_status":"closed","template":"","meta":{"_kad_blocks_custom_css":"","_kad_blocks_head_custom_js":"","_kad_blocks_body_custom_js":"","_kad_blocks_footer_custom_js":"","footnotes":""},"categories":[],"tags":[],"class_list":{"0":"post-2665","1":"page","2":"type-page","3":"status-publish","5":"infinite-scroll-item","6":"no-featured-image-padding"},"yoast_head":"<!-- This site is optimized with the Yoast SEO plugin v27.4 - https:\/\/yoast.com\/product\/yoast-seo-wordpress\/ -->\n<title>HSCDIB 2 SEMINAR - Reconstruction Women&#039;s Fund<\/title>\n<meta name=\"robots\" content=\"index, follow, max-snippet:-1, max-image-preview:large, max-video-preview:-1\" \/>\n<link rel=\"canonical\" href=\"https:\/\/www.rwfund.org\/eng\/join-in-old\/how-sisters-could-do-it-best\/hscdib-2\/hscdib-2-seminar\/\" \/>\n<meta property=\"og:locale\" content=\"en_US\" \/>\n<meta property=\"og:type\" content=\"article\" \/>\n<meta property=\"og:title\" content=\"HSCDIB 2 SEMINAR - Reconstruction Women&#039;s Fund\" \/>\n<meta property=\"og:description\" content=\"First part of the educational campaign\u00a0\u201cHow sisters could do it best 2\u201d, which has been organized and created by Reconstruction Women\u2019s fund, has been successfully completed. From 6th\u00a0of July until 8th\u00a0of July in Hotel Park, Belgrade. Reconstruction Women\u2019s fund hosted 20 participants from Belgrade, Ni\u0161, Sombor, Pirot, Kostolac, Vlasotince, Zrenjanin and Pan\u010devo. Participants come from ... MORE\" \/>\n<meta property=\"og:url\" content=\"https:\/\/www.rwfund.org\/eng\/join-in-old\/how-sisters-could-do-it-best\/hscdib-2\/hscdib-2-seminar\/\" \/>\n<meta property=\"og:site_name\" content=\"Reconstruction Women&#039;s Fund\" \/>\n<meta property=\"article:modified_time\" content=\"2019-02-13T00:29:24+00:00\" \/>\n<meta property=\"og:image\" content=\"https:\/\/www.rwfund.org\/wp-content\/uploads\/2018\/07\/agenda-strana-1.jpg\" \/>\n<meta name=\"twitter:card\" content=\"summary_large_image\" \/>\n<meta name=\"twitter:label1\" content=\"Est. reading time\" \/>\n\t<meta name=\"twitter:data1\" content=\"4 minutes\" \/>\n<script type=\"application\/ld+json\" class=\"yoast-schema-graph\">{\"@context\":\"https:\\\/\\\/schema.org\",\"@graph\":[{\"@type\":\"WebPage\",\"@id\":\"https:\\\/\\\/www.rwfund.org\\\/eng\\\/join-in-old\\\/how-sisters-could-do-it-best\\\/hscdib-2\\\/hscdib-2-seminar\\\/\",\"url\":\"https:\\\/\\\/www.rwfund.org\\\/eng\\\/join-in-old\\\/how-sisters-could-do-it-best\\\/hscdib-2\\\/hscdib-2-seminar\\\/\",\"name\":\"HSCDIB 2 SEMINAR - Reconstruction Women&#039;s Fund\",\"isPartOf\":{\"@id\":\"https:\\\/\\\/www.rwfund.org\\\/eng\\\/#website\"},\"primaryImageOfPage\":{\"@id\":\"https:\\\/\\\/www.rwfund.org\\\/eng\\\/join-in-old\\\/how-sisters-could-do-it-best\\\/hscdib-2\\\/hscdib-2-seminar\\\/#primaryimage\"},\"image\":{\"@id\":\"https:\\\/\\\/www.rwfund.org\\\/eng\\\/join-in-old\\\/how-sisters-could-do-it-best\\\/hscdib-2\\\/hscdib-2-seminar\\\/#primaryimage\"},\"thumbnailUrl\":\"https:\\\/\\\/www.rwfund.org\\\/wp-content\\\/uploads\\\/2018\\\/07\\\/agenda-strana-1.jpg\",\"datePublished\":\"2018-10-18T21:52:39+00:00\",\"dateModified\":\"2019-02-13T00:29:24+00:00\",\"breadcrumb\":{\"@id\":\"https:\\\/\\\/www.rwfund.org\\\/eng\\\/join-in-old\\\/how-sisters-could-do-it-best\\\/hscdib-2\\\/hscdib-2-seminar\\\/#breadcrumb\"},\"inLanguage\":\"en-US\",\"potentialAction\":[{\"@type\":\"ReadAction\",\"target\":[\"https:\\\/\\\/www.rwfund.org\\\/eng\\\/join-in-old\\\/how-sisters-could-do-it-best\\\/hscdib-2\\\/hscdib-2-seminar\\\/\"]}]},{\"@type\":\"ImageObject\",\"inLanguage\":\"en-US\",\"@id\":\"https:\\\/\\\/www.rwfund.org\\\/eng\\\/join-in-old\\\/how-sisters-could-do-it-best\\\/hscdib-2\\\/hscdib-2-seminar\\\/#primaryimage\",\"url\":\"https:\\\/\\\/www.rwfund.org\\\/wp-content\\\/uploads\\\/2018\\\/07\\\/agenda-strana-1.jpg\",\"contentUrl\":\"https:\\\/\\\/www.rwfund.org\\\/wp-content\\\/uploads\\\/2018\\\/07\\\/agenda-strana-1.jpg\"},{\"@type\":\"BreadcrumbList\",\"@id\":\"https:\\\/\\\/www.rwfund.org\\\/eng\\\/join-in-old\\\/how-sisters-could-do-it-best\\\/hscdib-2\\\/hscdib-2-seminar\\\/#breadcrumb\",\"itemListElement\":[{\"@type\":\"ListItem\",\"position\":1,\"name\":\"Home\",\"item\":\"https:\\\/\\\/www.rwfund.org\\\/eng\\\/\"},{\"@type\":\"ListItem\",\"position\":2,\"name\":\"Get Involved-OLD\",\"item\":\"https:\\\/\\\/www.rwfund.org\\\/eng\\\/?page_id=17\"},{\"@type\":\"ListItem\",\"position\":3,\"name\":\"HOW SISTERS COULD DO IT BEST\",\"item\":\"https:\\\/\\\/www.rwfund.org\\\/eng\\\/join-in-old\\\/how-sisters-could-do-it-best\\\/\"},{\"@type\":\"ListItem\",\"position\":4,\"name\":\"#HSCDIB 2\",\"item\":\"https:\\\/\\\/www.rwfund.org\\\/eng\\\/join-in-old\\\/how-sisters-could-do-it-best\\\/hscdib-2\\\/\"},{\"@type\":\"ListItem\",\"position\":5,\"name\":\"HSCDIB 2 SEMINAR\"}]},{\"@type\":\"WebSite\",\"@id\":\"https:\\\/\\\/www.rwfund.org\\\/eng\\\/#website\",\"url\":\"https:\\\/\\\/www.rwfund.org\\\/eng\\\/\",\"name\":\"Reconstruction Women&#039;s Fund\",\"description\":\"Reconstruction Women&#039;s Fund\",\"publisher\":{\"@id\":\"https:\\\/\\\/www.rwfund.org\\\/eng\\\/#organization\"},\"potentialAction\":[{\"@type\":\"SearchAction\",\"target\":{\"@type\":\"EntryPoint\",\"urlTemplate\":\"https:\\\/\\\/www.rwfund.org\\\/eng\\\/?s={search_term_string}\"},\"query-input\":{\"@type\":\"PropertyValueSpecification\",\"valueRequired\":true,\"valueName\":\"search_term_string\"}}],\"inLanguage\":\"en-US\"},{\"@type\":\"Organization\",\"@id\":\"https:\\\/\\\/www.rwfund.org\\\/eng\\\/#organization\",\"name\":\"Reconstruction Women's Fund\",\"url\":\"https:\\\/\\\/www.rwfund.org\\\/eng\\\/\",\"logo\":{\"@type\":\"ImageObject\",\"inLanguage\":\"en-US\",\"@id\":\"https:\\\/\\\/www.rwfund.org\\\/eng\\\/#\\\/schema\\\/logo\\\/image\\\/\",\"url\":\"https:\\\/\\\/www.rwfund.org\\\/eng\\\/wp-content\\\/uploads\\\/sites\\\/2\\\/2021\\\/03\\\/LOGO-CROP_V1.svg\",\"contentUrl\":\"https:\\\/\\\/www.rwfund.org\\\/eng\\\/wp-content\\\/uploads\\\/sites\\\/2\\\/2021\\\/03\\\/LOGO-CROP_V1.svg\",\"width\":420,\"height\":640,\"caption\":\"Reconstruction Women's Fund\"},\"image\":{\"@id\":\"https:\\\/\\\/www.rwfund.org\\\/eng\\\/#\\\/schema\\\/logo\\\/image\\\/\"}}]}<\/script>\n<!-- \/ Yoast SEO plugin. -->","yoast_head_json":{"title":"HSCDIB 2 SEMINAR - Reconstruction Women&#039;s Fund","robots":{"index":"index","follow":"follow","max-snippet":"max-snippet:-1","max-image-preview":"max-image-preview:large","max-video-preview":"max-video-preview:-1"},"canonical":"https:\/\/www.rwfund.org\/eng\/join-in-old\/how-sisters-could-do-it-best\/hscdib-2\/hscdib-2-seminar\/","og_locale":"en_US","og_type":"article","og_title":"HSCDIB 2 SEMINAR - Reconstruction Women&#039;s Fund","og_description":"First part of the educational campaign\u00a0\u201cHow sisters could do it best 2\u201d, which has been organized and created by Reconstruction Women\u2019s fund, has been successfully completed. From 6th\u00a0of July until 8th\u00a0of July in Hotel Park, Belgrade. Reconstruction Women\u2019s fund hosted 20 participants from Belgrade, Ni\u0161, Sombor, Pirot, Kostolac, Vlasotince, Zrenjanin and Pan\u010devo. Participants come from ... MORE","og_url":"https:\/\/www.rwfund.org\/eng\/join-in-old\/how-sisters-could-do-it-best\/hscdib-2\/hscdib-2-seminar\/","og_site_name":"Reconstruction Women&#039;s Fund","article_modified_time":"2019-02-13T00:29:24+00:00","og_image":[{"url":"https:\/\/www.rwfund.org\/wp-content\/uploads\/2018\/07\/agenda-strana-1.jpg","type":"","width":"","height":""}],"twitter_card":"summary_large_image","twitter_misc":{"Est. reading time":"4 minutes"},"schema":{"@context":"https:\/\/schema.org","@graph":[{"@type":"WebPage","@id":"https:\/\/www.rwfund.org\/eng\/join-in-old\/how-sisters-could-do-it-best\/hscdib-2\/hscdib-2-seminar\/","url":"https:\/\/www.rwfund.org\/eng\/join-in-old\/how-sisters-could-do-it-best\/hscdib-2\/hscdib-2-seminar\/","name":"HSCDIB 2 SEMINAR - Reconstruction Women&#039;s Fund","isPartOf":{"@id":"https:\/\/www.rwfund.org\/eng\/#website"},"primaryImageOfPage":{"@id":"https:\/\/www.rwfund.org\/eng\/join-in-old\/how-sisters-could-do-it-best\/hscdib-2\/hscdib-2-seminar\/#primaryimage"},"image":{"@id":"https:\/\/www.rwfund.org\/eng\/join-in-old\/how-sisters-could-do-it-best\/hscdib-2\/hscdib-2-seminar\/#primaryimage"},"thumbnailUrl":"https:\/\/www.rwfund.org\/wp-content\/uploads\/2018\/07\/agenda-strana-1.jpg","datePublished":"2018-10-18T21:52:39+00:00","dateModified":"2019-02-13T00:29:24+00:00","breadcrumb":{"@id":"https:\/\/www.rwfund.org\/eng\/join-in-old\/how-sisters-could-do-it-best\/hscdib-2\/hscdib-2-seminar\/#breadcrumb"},"inLanguage":"en-US","potentialAction":[{"@type":"ReadAction","target":["https:\/\/www.rwfund.org\/eng\/join-in-old\/how-sisters-could-do-it-best\/hscdib-2\/hscdib-2-seminar\/"]}]},{"@type":"ImageObject","inLanguage":"en-US","@id":"https:\/\/www.rwfund.org\/eng\/join-in-old\/how-sisters-could-do-it-best\/hscdib-2\/hscdib-2-seminar\/#primaryimage","url":"https:\/\/www.rwfund.org\/wp-content\/uploads\/2018\/07\/agenda-strana-1.jpg","contentUrl":"https:\/\/www.rwfund.org\/wp-content\/uploads\/2018\/07\/agenda-strana-1.jpg"},{"@type":"BreadcrumbList","@id":"https:\/\/www.rwfund.org\/eng\/join-in-old\/how-sisters-could-do-it-best\/hscdib-2\/hscdib-2-seminar\/#breadcrumb","itemListElement":[{"@type":"ListItem","position":1,"name":"Home","item":"https:\/\/www.rwfund.org\/eng\/"},{"@type":"ListItem","position":2,"name":"Get Involved-OLD","item":"https:\/\/www.rwfund.org\/eng\/?page_id=17"},{"@type":"ListItem","position":3,"name":"HOW SISTERS COULD DO IT BEST","item":"https:\/\/www.rwfund.org\/eng\/join-in-old\/how-sisters-could-do-it-best\/"},{"@type":"ListItem","position":4,"name":"#HSCDIB 2","item":"https:\/\/www.rwfund.org\/eng\/join-in-old\/how-sisters-could-do-it-best\/hscdib-2\/"},{"@type":"ListItem","position":5,"name":"HSCDIB 2 SEMINAR"}]},{"@type":"WebSite","@id":"https:\/\/www.rwfund.org\/eng\/#website","url":"https:\/\/www.rwfund.org\/eng\/","name":"Reconstruction Women&#039;s Fund","description":"Reconstruction Women&#039;s Fund","publisher":{"@id":"https:\/\/www.rwfund.org\/eng\/#organization"},"potentialAction":[{"@type":"SearchAction","target":{"@type":"EntryPoint","urlTemplate":"https:\/\/www.rwfund.org\/eng\/?s={search_term_string}"},"query-input":{"@type":"PropertyValueSpecification","valueRequired":true,"valueName":"search_term_string"}}],"inLanguage":"en-US"},{"@type":"Organization","@id":"https:\/\/www.rwfund.org\/eng\/#organization","name":"Reconstruction Women's Fund","url":"https:\/\/www.rwfund.org\/eng\/","logo":{"@type":"ImageObject","inLanguage":"en-US","@id":"https:\/\/www.rwfund.org\/eng\/#\/schema\/logo\/image\/","url":"https:\/\/www.rwfund.org\/eng\/wp-content\/uploads\/sites\/2\/2021\/03\/LOGO-CROP_V1.svg","contentUrl":"https:\/\/www.rwfund.org\/eng\/wp-content\/uploads\/sites\/2\/2021\/03\/LOGO-CROP_V1.svg","width":420,"height":640,"caption":"Reconstruction Women's Fund"},"image":{"@id":"https:\/\/www.rwfund.org\/eng\/#\/schema\/logo\/image\/"}}]}},"taxonomy_info":[],"featured_image_src_large":false,"author_info":{"display_name":"Vlidi","author_link":"https:\/\/www.rwfund.org\/eng\/author\/testadmin\/"},"comment_info":0,"_links":{"self":[{"href":"https:\/\/www.rwfund.org\/eng\/wp-json\/wp\/v2\/pages\/2665","targetHints":{"allow":["GET"]}}],"collection":[{"href":"https:\/\/www.rwfund.org\/eng\/wp-json\/wp\/v2\/pages"}],"about":[{"href":"https:\/\/www.rwfund.org\/eng\/wp-json\/wp\/v2\/types\/page"}],"author":[{"embeddable":true,"href":"https:\/\/www.rwfund.org\/eng\/wp-json\/wp\/v2\/users\/1"}],"replies":[{"embeddable":true,"href":"https:\/\/www.rwfund.org\/eng\/wp-json\/wp\/v2\/comments?post=2665"}],"version-history":[{"count":14,"href":"https:\/\/www.rwfund.org\/eng\/wp-json\/wp\/v2\/pages\/2665\/revisions"}],"predecessor-version":[{"id":2761,"href":"https:\/\/www.rwfund.org\/eng\/wp-json\/wp\/v2\/pages\/2665\/revisions\/2761"}],"up":[{"embeddable":true,"href":"https:\/\/www.rwfund.org\/eng\/wp-json\/wp\/v2\/pages\/2660"}],"wp:attachment":[{"href":"https:\/\/www.rwfund.org\/eng\/wp-json\/wp\/v2\/media?parent=2665"}],"wp:term":[{"taxonomy":"category","embeddable":true,"href":"https:\/\/www.rwfund.org\/eng\/wp-json\/wp\/v2\/categories?post=2665"},{"taxonomy":"post_tag","embeddable":true,"href":"https:\/\/www.rwfund.org\/eng\/wp-json\/wp\/v2\/tags?post=2665"}],"curies":[{"name":"wp","href":"https:\/\/api.w.org\/{rel}","templated":true}]}}