{"id":3198,"date":"2021-03-03T01:40:34","date_gmt":"2021-03-02T23:40:34","guid":{"rendered":"https:\/\/www.rwfund.org\/eng\/?page_id=3198"},"modified":"2021-03-03T01:46:40","modified_gmt":"2021-03-02T23:46:40","slug":"february","status":"publish","type":"page","link":"https:\/\/www.rwfund.org\/eng\/2021-2\/special-focus-2021\/february\/","title":{"rendered":"February"},"content":{"rendered":"<h2><a title=\"2019\" href=\"https:\/\/www.rwfund.org\/eng\/2021-3\/\">2021<\/a><\/h2>\n<p><strong><a href=\"https:\/\/www.rwfund.org\/eng\/programs\/special-focus\/\">Program: Special Focus<\/a><\/strong><\/p>\n<p><strong>Grants approved\u00a0<\/strong>\u2013 February 2021<\/p>\n<p><strong>Number of grants: <span style=\"color: #ff0000;\">17<\/span><\/strong><\/p>\n<p><span style=\"color: #ff0000;\">\u221a<\/span><\/p>\n<p><strong>1. ACC Heroj Mari\u010di\u0107, Kraljevo <\/strong><\/p>\n<ul>\n<li>RSD: <strong>291<\/strong>.<strong>800<\/strong><\/li>\n<li>Project title: <strong>Kraljevo Heroines <\/strong><\/li>\n<\/ul>\n<p>The project uses street art and public history classes to revives the memory of marginalized heroines of Kraljevo who died in the WWII. While the public spaces are occupied by revisionist iconography and ideology, this project marks the 80<sup>th<\/sup>anniversary of the events in which civilians of Kraljevo died, bravely reclaiming public spaces in an attempt to carve the neglected narratives of the destinies of heroines into the collective consciousness, while also addressing the wider context of the mass shootings and the traumatic consequences following this barbarian act.<\/p>\n<hr \/>\n<p><strong>2. Bibija, Belgrade:<\/strong><\/p>\n<ul>\n<li>RSD: <strong>144<\/strong>.<strong>000<\/strong><\/li>\n<li>Project title: <strong>Institutional support<\/strong><\/li>\n<\/ul>\n<p>In the unstable context and great challenges threatening women\u2019s and Roma activism, partially due to the pandemic and partially due to the long-term systemic issues, through this grant, RWF provides institutional support to Bibija, an organization with over 20 years of continuous work revolving around the essential issues faced by Roma women. We see the institutional support as the base of organizational stability, keeping the continuity of work and uninterrupted organization of activities.<\/p>\n<hr \/>\n<p><strong>3. Roma Centre for Women and Children, Daje, Belgrade<\/strong><\/p>\n<ul>\n<li>RSD: <strong>300<\/strong>.<strong>000 <\/strong><\/li>\n<li>Project title:<strong> Celebrating the 20<sup>th<\/sup> anniversary of Roma Centre for Women and Children Daje<\/strong><\/li>\n<\/ul>\n<p>With this grant, RWF supports Daje in creating a publication gathering their experiences acquired in two decades of work, from the context in which their work has begun to the latest achievements, about the organization\u2019s development, building trust with the community, and lessons learned. The publication is envisioned as a contribution to the memory of Roma women\u2019s activism but also as a note on the Roma settlements in which they have worked and still work.<\/p>\n<hr \/>\n<p><strong>4. Collective action \u201cA Roof above Head\u201d, Belgrade\/Novi Sad\/Subotica<\/strong><\/p>\n<ul>\n<li>RSD: <strong>288<\/strong>.<strong>000 <\/strong><\/li>\n<li>Project title: <strong>Foundations for the Roof <\/strong><\/li>\n<\/ul>\n<p>Through this grant, RWF supports CA \u201cA Roof above Head\u201d for strengthening organizational capacities through a series of workshops and lectures designed as a contribution to the democratization of the acquired knowledge, as well as to acquiring new knowledge in order to expand the group\u2019s work. Sharing the knowledge strengthens already articulated politics and contributes to the long-term struggle for the inviolable right to housing for which the group advocates<\/p>\n<hr \/>\n<p><strong>5. Citizens\u2019 Association \u201cKlara and Rosa\u201d, Subotica<\/strong><\/p>\n<ul>\n<li>RSD: <strong>290.000<\/strong><\/li>\n<li>Project title: <strong>Women\u2019s Voices<\/strong><\/li>\n<\/ul>\n<p>Through this grant, we support the group in creating a radio show envisioned as a platform for marginalized women\u2019s voices. The show will be featured on Radio Plac, which emerged from the collective efforts of the independent cultural, artistic and activist scene of Subotica to create an autonomous space of articulated artistic and political expression. The show will be produced in Serbo-Croatian and Hungarian.<\/p>\n<hr \/>\n<p><strong>6. Labris, Belgrade<\/strong><\/p>\n<ul>\n<li>RSD: <strong>296.900<\/strong><\/li>\n<li>Project title: <strong>Lesbian artists of post-Yugoslavia, generation X<\/strong><\/li>\n<\/ul>\n<p><em>Personal diary: Lesbian artists of post-Yugoslavia, generation X<\/em> is a book aiming to unite, memorize, and boost visibility of the alternative lesbian art scene, to carve it into the preserving of historical heritage, to keep it from being erased and forgotten, and to offer an emancipatory historical perspective. Starting from the personal experience of the author as a lesbian artist, and constant seeking for lesbian artists who have contributed to her own development in a specific socio-political context as Yugoslavia, this book wishes to present other people, the broader public, with the significance, impact, the existence of artistic practice produced and performed by lesbian artists.<\/p>\n<hr \/>\n<p><strong>7. Liceulice, Belgrade<\/strong><\/p>\n<ul>\n<li>RSD: <strong>288<\/strong>.<strong>500<\/strong><\/li>\n<li>Project title: <strong>Women for women <\/strong><\/li>\n<\/ul>\n<p>Through this grant, RWF supports the users\/sellers of Liceulice street magazine, who belong to marginalized groups, in developing skills for more confident work, recognizing the importance of presence of women in such emancipatory initiatives, which often remain absent due to complex patriarchal obstacles. On this occasion, we also support the women from Liceulice team to strengthen their capacities for working with deprivileged women and activist burnout prevention.<\/p>\n<hr \/>\n<p><strong>8. Non-formal group of activists for available and high-quality healthcare, Belgrade<\/strong><\/p>\n<ul>\n<li>RSD: <strong>300.000<\/strong><\/li>\n<li>Project title: <strong>A guide to surviving healthcare<\/strong><\/li>\n<\/ul>\n<p>Women, who are bearing most of the weight of care, logistics, financial burden, as well as emotional work for the sick family members, are overcoming multiple obstacles during the pandemic while struggling with devastating statistics, especially those hidden ones: the sick, the deceased, inadequately treated, never taken care of. High-quality and dignified healthcare, which is supposed to be social responsibility, publicly funded from taxes, is unavailable to the majority. Having in mind the fragmentation of the society, deteriorated healthcare system, inadequate protocols and the collapse of professional and ethical standards of the field of healthcare, as well as predominantly weak functional literacy, this group of activists has decided to create an accessible guide for orientation in the situation of need for healthcare, based on personal experiences and research.<\/p>\n<hr \/>\n<p><strong>9. \u201cNena\u201d group for peace and women\u2019s rights, Leskovac<\/strong><\/p>\n<ul>\n<li>RSD: <strong>299.400<\/strong><\/li>\n<li>Project title: <strong>Labour rights in COVID-19 times<\/strong><\/li>\n<\/ul>\n<p>In the context of the pandemic and the additional deterioration of labour rights, RWF through this grant aims to support the group in monitoring, noting and analyzing labour rights violations, as well as supporting women workers in southern Serbia, in encouraging women workers to speak out against the injustices they suffer, in building solidarity among women workers, all within the wider struggle for dignified work.<\/p>\n<hr \/>\n<p><strong>10. Workers\u2019 Commune LINKS, Belgrade<\/strong><\/p>\n<ul>\n<li>RSD: <strong>300<\/strong>.<strong>000<\/strong><\/li>\n<li>Project title: <strong>KundK<\/strong><\/li>\n<\/ul>\n<p>KundK project is an ongoing activity on LINKS website since 2017. The goal is critical reading of the books produced in the space of ex-Yugoslavia, mainly those books that touch upon the joint destiny of this region. At the same time, the project highlights the cultural, social and political underground existing outside the focus of the mainstream media, important for the understanding of the ongoing processes. The aim is to build an alternative network for evaluating literary production of the region, made of young critics and authors. The desired result is affirmation of subjects that are essential to public debate in post-traumatic society, that are marginalized as such.<\/p>\n<hr \/>\n<p><strong>11. Self-educational university \u201cSvetozar Markovi\u0107\u201d, Belgrade<\/strong><\/p>\n<ul>\n<li>RSD: <strong>134<\/strong>.<strong>000 <\/strong><\/li>\n<li>Project title: <strong>Workers, activists, theoreticians <\/strong><\/li>\n<\/ul>\n<p>The project implies a series of activities connecting the struggles of activists from the end of the 19<sup>th<\/sup> and the beginning of the 20<sup>th<\/sup> century with the current context. Througbh translations and publishing texts, discussions, film screenings and other public events, the group aims to revive the marginalized voices of early women in anarchism and socialism, and question their relevance in wider and ongoing social struggles, from struggle for labour rights to struggle for the environment.<\/p>\n<hr \/>\n<p><strong>12. Village cultural centre Markovac, Markovac<\/strong><\/p>\n<ul>\n<li>RSD: <strong>290.000<\/strong><\/li>\n<li>Project title: <strong>Reading room <\/strong><\/li>\n<\/ul>\n<p>Upon establishing the reading room \u201cEkatarina Pavlovi\u0107\u201d and collaboration with Hop.La! group on opening the cultural centre in Markovac, the group aims to conduct a pilot project of regular activities based on feminist, anti-nationalist and anti-militarist principles. The activities are devoted mainly to pre-school and elementary-school children, and women of middle and older generations. The activities connect literature with personal and collective development and mental well-being.<\/p>\n<hr \/>\n<p><strong>1<\/strong><strong>3. Roma Women\u2019s Association \u201cNada\u201d, Aleksinac<\/strong><\/p>\n<ul>\n<li>RSD: <strong>282.500<\/strong><\/li>\n<li>Project title: <strong>Girls are here, let\u2019s play football <\/strong><\/li>\n<\/ul>\n<p>Through a series of psychological workshops with young girls who play football in Aleksinac, the group aims to contribute to debunking the stereotypes prevailing in small environments when it comes to girls interested in sports typically perceived as male sports. The group recognizes the need for empowering young girls who play football to resist discriminatory narratives, as well as the necessity for common reminder that football isn\u2019t solely made of hooligans at the stadiums. The project also aims to encourage new girls to confidently start with trainings, without fears of judgements.<\/p>\n<hr \/>\n<p><strong>14. Women\u2019s Association \u201cSandglass\u201d, Kru\u0161evac<\/strong><\/p>\n<ul>\n<li>RSD: <strong>298<\/strong>.<strong>400<\/strong><\/li>\n<li>Project title: <strong>I am safe, when\u2026 <\/strong><\/li>\n<\/ul>\n<p>The aim of the project is to contribute to the improvement of women\u2019s safety in Serbia through empowering women citizens, women\u2019s rights activists and women groups in Rasina district to deal with the issues of safety, as well as through increasing the visibility of the subject. The project implies workshops for women\u2019s human rights activists about the concept of humane safety and the UN Security Council Resolution 1325. At the same time, a campaign for boosting the visibility of these subjects will be launched on social media.<\/p>\n<hr \/>\n<p><strong>15. Volunteer Centre of Vojvodina, Novi Sad<\/strong><\/p>\n<ul>\n<li>RSD: <strong>200<\/strong>.<strong>000<\/strong><\/li>\n<li>Project title: <strong>Study visits to intercultural and anti-fascist initiatives <\/strong><\/li>\n<\/ul>\n<p>Volunteer Centre of Vojvodina and GAIA Kosovo are two organizations collaborating for 10 years on implementing volunteering and other programs. Both organizations are mainly led by women who have initiated important changes over the years. This project implies meeting of these two organizations, as well as other sister organizations (CK13, Club of Fine Crafts, Termokiss) for an exchange, better understanding of local and regional contexts and developing join programs based on antifascist values.<\/p>\n<hr \/>\n<p><strong>16. Women Sports Society, Belgrade<\/strong><\/p>\n<ul>\n<li>RSD:\u00a0<b>283.000<\/b><\/li>\n<li>Project title: <strong>Educating young girls athletes on sexual violence <\/strong><\/li>\n<\/ul>\n<p>The project is led by experienced sports journalists, women who have noted, witnessed and explored diverse present manifestations of sexual violence against women in sports in Serbia. In absence of adequate reaction to such tendencies, prevention and protection mechanisms, this project will focus on educating several groups of young girls athletes active in diverse sports about preventing and reacting to sexual violence.<\/p>\n<hr \/>\n<p><strong>17. Women\u2019s Studies and Research, chapter in Subotica<\/strong><\/p>\n<ul>\n<li>RSD:\u00a0<b>292.000<\/b><\/li>\n<li>Project title: <strong>Anti-fascists of Subotica: SKOJ members, partisans, members of Women\u2019s Antifascist Front of Yugoslavia<\/strong><\/li>\n<\/ul>\n<p>The project aims to contribute to the collective knowledge and memory of contributions of women in history of the struggle against fascism and peacekeeping, through a research and noting the biographies of 12 significant antifascists of Subotica (members of SKOJ, partisans and members of Women\u2019s Antifascist Front of Yugoslavia): Lili Beck, Olga Braun, Vera Gal, Ru\u017ea \u010cizmek-Duda\u0161ev, Edita Hajzler, Eta Hidrich Kizur, Anka Kmezi\u0107, Draginja Lendvai, Klara Lendvai, Tereska Mihajlovi\u0107, Ida Sabo, Sofija Spasi\u0107. The project will result in a publication and an exhibition in Subotica.<\/p>\n","protected":false},"excerpt":{"rendered":"<p>2021 Program: Special Focus Grants approved\u00a0\u2013 February 2021 Number of grants: 17 \u221a 1. ACC Heroj Mari\u010di\u0107, Kraljevo RSD: 291.800 Project title: Kraljevo Heroines The project uses street art and public history classes to revives the memory of marginalized heroines of Kraljevo who died in the WWII. While the public spaces are occupied by revisionist &#8230; <a title=\"February\" class=\"read-more\" href=\"https:\/\/www.rwfund.org\/eng\/2021-2\/special-focus-2021\/february\/\" aria-label=\"Read more about February\">MORE<\/a><\/p>\n","protected":false},"author":1,"featured_media":0,"parent":3181,"menu_order":1,"comment_status":"closed","ping_status":"closed","template":"","meta":{"_kad_blocks_custom_css":"","_kad_blocks_head_custom_js":"","_kad_blocks_body_custom_js":"","_kad_blocks_footer_custom_js":"","footnotes":""},"categories":[],"tags":[],"class_list":{"0":"post-3198","1":"page","2":"type-page","3":"status-publish","5":"infinite-scroll-item","6":"no-featured-image-padding"},"yoast_head":"<!-- This site is optimized with the Yoast SEO plugin v27.4 - https:\/\/yoast.com\/product\/yoast-seo-wordpress\/ -->\n<title>February - Reconstruction Women&#039;s Fund<\/title>\n<meta name=\"robots\" content=\"index, follow, max-snippet:-1, max-image-preview:large, max-video-preview:-1\" \/>\n<link rel=\"canonical\" href=\"https:\/\/www.rwfund.org\/eng\/2021-2\/special-focus-2021\/february\/\" \/>\n<meta property=\"og:locale\" content=\"en_US\" \/>\n<meta property=\"og:type\" content=\"article\" \/>\n<meta property=\"og:title\" content=\"February - Reconstruction Women&#039;s Fund\" \/>\n<meta property=\"og:description\" content=\"2021 Program: Special Focus Grants approved\u00a0\u2013 February 2021 Number of grants: 17 \u221a 1. ACC Heroj Mari\u010di\u0107, Kraljevo RSD: 291.800 Project title: Kraljevo Heroines The project uses street art and public history classes to revives the memory of marginalized heroines of Kraljevo who died in the WWII. While the public spaces are occupied by revisionist ... MORE\" \/>\n<meta property=\"og:url\" content=\"https:\/\/www.rwfund.org\/eng\/2021-2\/special-focus-2021\/february\/\" \/>\n<meta property=\"og:site_name\" content=\"Reconstruction Women&#039;s Fund\" \/>\n<meta property=\"article:modified_time\" content=\"2021-03-02T23:46:40+00:00\" \/>\n<meta name=\"twitter:card\" content=\"summary_large_image\" \/>\n<meta name=\"twitter:label1\" content=\"Est. reading time\" \/>\n\t<meta name=\"twitter:data1\" content=\"8 minutes\" \/>\n<script type=\"application\/ld+json\" class=\"yoast-schema-graph\">{\"@context\":\"https:\\\/\\\/schema.org\",\"@graph\":[{\"@type\":\"WebPage\",\"@id\":\"https:\\\/\\\/www.rwfund.org\\\/eng\\\/2021-2\\\/special-focus-2021\\\/february\\\/\",\"url\":\"https:\\\/\\\/www.rwfund.org\\\/eng\\\/2021-2\\\/special-focus-2021\\\/february\\\/\",\"name\":\"February - Reconstruction Women&#039;s Fund\",\"isPartOf\":{\"@id\":\"https:\\\/\\\/www.rwfund.org\\\/eng\\\/#website\"},\"datePublished\":\"2021-03-02T23:40:34+00:00\",\"dateModified\":\"2021-03-02T23:46:40+00:00\",\"breadcrumb\":{\"@id\":\"https:\\\/\\\/www.rwfund.org\\\/eng\\\/2021-2\\\/special-focus-2021\\\/february\\\/#breadcrumb\"},\"inLanguage\":\"en-US\",\"potentialAction\":[{\"@type\":\"ReadAction\",\"target\":[\"https:\\\/\\\/www.rwfund.org\\\/eng\\\/2021-2\\\/special-focus-2021\\\/february\\\/\"]}]},{\"@type\":\"BreadcrumbList\",\"@id\":\"https:\\\/\\\/www.rwfund.org\\\/eng\\\/2021-2\\\/special-focus-2021\\\/february\\\/#breadcrumb\",\"itemListElement\":[{\"@type\":\"ListItem\",\"position\":1,\"name\":\"Home\",\"item\":\"https:\\\/\\\/www.rwfund.org\\\/eng\\\/\"},{\"@type\":\"ListItem\",\"position\":2,\"name\":\"2021\",\"item\":\"https:\\\/\\\/www.rwfund.org\\\/eng\\\/2021-2\\\/\"},{\"@type\":\"ListItem\",\"position\":3,\"name\":\"Special Focus 2021\",\"item\":\"https:\\\/\\\/www.rwfund.org\\\/eng\\\/2021-2\\\/special-focus-2021\\\/\"},{\"@type\":\"ListItem\",\"position\":4,\"name\":\"February\"}]},{\"@type\":\"WebSite\",\"@id\":\"https:\\\/\\\/www.rwfund.org\\\/eng\\\/#website\",\"url\":\"https:\\\/\\\/www.rwfund.org\\\/eng\\\/\",\"name\":\"Reconstruction Women&#039;s Fund\",\"description\":\"Reconstruction Women&#039;s Fund\",\"publisher\":{\"@id\":\"https:\\\/\\\/www.rwfund.org\\\/eng\\\/#organization\"},\"potentialAction\":[{\"@type\":\"SearchAction\",\"target\":{\"@type\":\"EntryPoint\",\"urlTemplate\":\"https:\\\/\\\/www.rwfund.org\\\/eng\\\/?s={search_term_string}\"},\"query-input\":{\"@type\":\"PropertyValueSpecification\",\"valueRequired\":true,\"valueName\":\"search_term_string\"}}],\"inLanguage\":\"en-US\"},{\"@type\":\"Organization\",\"@id\":\"https:\\\/\\\/www.rwfund.org\\\/eng\\\/#organization\",\"name\":\"Reconstruction Women's Fund\",\"url\":\"https:\\\/\\\/www.rwfund.org\\\/eng\\\/\",\"logo\":{\"@type\":\"ImageObject\",\"inLanguage\":\"en-US\",\"@id\":\"https:\\\/\\\/www.rwfund.org\\\/eng\\\/#\\\/schema\\\/logo\\\/image\\\/\",\"url\":\"https:\\\/\\\/www.rwfund.org\\\/eng\\\/wp-content\\\/uploads\\\/sites\\\/2\\\/2021\\\/03\\\/LOGO-CROP_V1.svg\",\"contentUrl\":\"https:\\\/\\\/www.rwfund.org\\\/eng\\\/wp-content\\\/uploads\\\/sites\\\/2\\\/2021\\\/03\\\/LOGO-CROP_V1.svg\",\"width\":420,\"height\":640,\"caption\":\"Reconstruction Women's Fund\"},\"image\":{\"@id\":\"https:\\\/\\\/www.rwfund.org\\\/eng\\\/#\\\/schema\\\/logo\\\/image\\\/\"}}]}<\/script>\n<!-- \/ Yoast SEO plugin. -->","yoast_head_json":{"title":"February - Reconstruction Women&#039;s Fund","robots":{"index":"index","follow":"follow","max-snippet":"max-snippet:-1","max-image-preview":"max-image-preview:large","max-video-preview":"max-video-preview:-1"},"canonical":"https:\/\/www.rwfund.org\/eng\/2021-2\/special-focus-2021\/february\/","og_locale":"en_US","og_type":"article","og_title":"February - Reconstruction Women&#039;s Fund","og_description":"2021 Program: Special Focus Grants approved\u00a0\u2013 February 2021 Number of grants: 17 \u221a 1. ACC Heroj Mari\u010di\u0107, Kraljevo RSD: 291.800 Project title: Kraljevo Heroines The project uses street art and public history classes to revives the memory of marginalized heroines of Kraljevo who died in the WWII. While the public spaces are occupied by revisionist ... MORE","og_url":"https:\/\/www.rwfund.org\/eng\/2021-2\/special-focus-2021\/february\/","og_site_name":"Reconstruction Women&#039;s Fund","article_modified_time":"2021-03-02T23:46:40+00:00","twitter_card":"summary_large_image","twitter_misc":{"Est. reading time":"8 minutes"},"schema":{"@context":"https:\/\/schema.org","@graph":[{"@type":"WebPage","@id":"https:\/\/www.rwfund.org\/eng\/2021-2\/special-focus-2021\/february\/","url":"https:\/\/www.rwfund.org\/eng\/2021-2\/special-focus-2021\/february\/","name":"February - Reconstruction Women&#039;s Fund","isPartOf":{"@id":"https:\/\/www.rwfund.org\/eng\/#website"},"datePublished":"2021-03-02T23:40:34+00:00","dateModified":"2021-03-02T23:46:40+00:00","breadcrumb":{"@id":"https:\/\/www.rwfund.org\/eng\/2021-2\/special-focus-2021\/february\/#breadcrumb"},"inLanguage":"en-US","potentialAction":[{"@type":"ReadAction","target":["https:\/\/www.rwfund.org\/eng\/2021-2\/special-focus-2021\/february\/"]}]},{"@type":"BreadcrumbList","@id":"https:\/\/www.rwfund.org\/eng\/2021-2\/special-focus-2021\/february\/#breadcrumb","itemListElement":[{"@type":"ListItem","position":1,"name":"Home","item":"https:\/\/www.rwfund.org\/eng\/"},{"@type":"ListItem","position":2,"name":"2021","item":"https:\/\/www.rwfund.org\/eng\/2021-2\/"},{"@type":"ListItem","position":3,"name":"Special Focus 2021","item":"https:\/\/www.rwfund.org\/eng\/2021-2\/special-focus-2021\/"},{"@type":"ListItem","position":4,"name":"February"}]},{"@type":"WebSite","@id":"https:\/\/www.rwfund.org\/eng\/#website","url":"https:\/\/www.rwfund.org\/eng\/","name":"Reconstruction Women&#039;s Fund","description":"Reconstruction Women&#039;s Fund","publisher":{"@id":"https:\/\/www.rwfund.org\/eng\/#organization"},"potentialAction":[{"@type":"SearchAction","target":{"@type":"EntryPoint","urlTemplate":"https:\/\/www.rwfund.org\/eng\/?s={search_term_string}"},"query-input":{"@type":"PropertyValueSpecification","valueRequired":true,"valueName":"search_term_string"}}],"inLanguage":"en-US"},{"@type":"Organization","@id":"https:\/\/www.rwfund.org\/eng\/#organization","name":"Reconstruction Women's Fund","url":"https:\/\/www.rwfund.org\/eng\/","logo":{"@type":"ImageObject","inLanguage":"en-US","@id":"https:\/\/www.rwfund.org\/eng\/#\/schema\/logo\/image\/","url":"https:\/\/www.rwfund.org\/eng\/wp-content\/uploads\/sites\/2\/2021\/03\/LOGO-CROP_V1.svg","contentUrl":"https:\/\/www.rwfund.org\/eng\/wp-content\/uploads\/sites\/2\/2021\/03\/LOGO-CROP_V1.svg","width":420,"height":640,"caption":"Reconstruction Women's Fund"},"image":{"@id":"https:\/\/www.rwfund.org\/eng\/#\/schema\/logo\/image\/"}}]}},"taxonomy_info":[],"featured_image_src_large":false,"author_info":{"display_name":"Vlidi","author_link":"https:\/\/www.rwfund.org\/eng\/author\/testadmin\/"},"comment_info":0,"_links":{"self":[{"href":"https:\/\/www.rwfund.org\/eng\/wp-json\/wp\/v2\/pages\/3198","targetHints":{"allow":["GET"]}}],"collection":[{"href":"https:\/\/www.rwfund.org\/eng\/wp-json\/wp\/v2\/pages"}],"about":[{"href":"https:\/\/www.rwfund.org\/eng\/wp-json\/wp\/v2\/types\/page"}],"author":[{"embeddable":true,"href":"https:\/\/www.rwfund.org\/eng\/wp-json\/wp\/v2\/users\/1"}],"replies":[{"embeddable":true,"href":"https:\/\/www.rwfund.org\/eng\/wp-json\/wp\/v2\/comments?post=3198"}],"version-history":[{"count":4,"href":"https:\/\/www.rwfund.org\/eng\/wp-json\/wp\/v2\/pages\/3198\/revisions"}],"predecessor-version":[{"id":3204,"href":"https:\/\/www.rwfund.org\/eng\/wp-json\/wp\/v2\/pages\/3198\/revisions\/3204"}],"up":[{"embeddable":true,"href":"https:\/\/www.rwfund.org\/eng\/wp-json\/wp\/v2\/pages\/3181"}],"wp:attachment":[{"href":"https:\/\/www.rwfund.org\/eng\/wp-json\/wp\/v2\/media?parent=3198"}],"wp:term":[{"taxonomy":"category","embeddable":true,"href":"https:\/\/www.rwfund.org\/eng\/wp-json\/wp\/v2\/categories?post=3198"},{"taxonomy":"post_tag","embeddable":true,"href":"https:\/\/www.rwfund.org\/eng\/wp-json\/wp\/v2\/tags?post=3198"}],"curies":[{"name":"wp","href":"https:\/\/api.w.org\/{rel}","templated":true}]}}