{"id":649,"date":"2015-01-26T18:20:23","date_gmt":"2015-01-26T16:20:23","guid":{"rendered":"https:\/\/www.rwfund.org\/eng\/?page_id=649"},"modified":"2015-01-29T17:38:23","modified_gmt":"2015-01-29T15:38:23","slug":"november-2","status":"publish","type":"page","link":"https:\/\/www.rwfund.org\/eng\/programs-old\/2011-2\/womens-initiatives-2011\/november-2\/","title":{"rendered":"November"},"content":{"rendered":"<h2 style=\"font-weight: 500;\"><a title=\"2011\" href=\"https:\/\/www.rwfund.org\/eng\/programs\/2011-2\/\">2011<\/a><\/h2>\n<h3 style=\"font-weight: 500;\"><a style=\"color: #ef4d58;\" title=\"Women\u2019s Initiatives\" href=\"https:\/\/www.rwfund.org\/eng\/programs\/womens-initiatives\/\"><strong>Program area: Support to women\u2019s initiatives<\/strong><\/a><\/h3>\n<p><strong>Grants approved\u00a0<\/strong>&#8211; November\u00a02011.\u00a0<strong><br \/>\nNumber of grants: <span style=\"color: #ff0000;\">8\u00a0<\/span><\/strong><\/p>\n<h3 style=\"font-weight: 500;\"><span style=\"color: #ff0000;\">\u221a<\/span><\/h3>\n<div style=\"color: #000000;\"><strong>1. Committee for Human Rights, SOS Telephone Vranje<\/strong><\/div>\n<div style=\"color: #000000;\">SOS Telephone Vranje \u2013 Zero Tolerance for family violence against women<\/div>\n<div style=\"color: #000000;\">\n<ul>\n<li><strong>RSD<\/strong>: 300.000,00<\/li>\n<li>Continuity of the work of SOS Telephone Vranje in the situation of no support from local municipality. Expert support and assistance to women and children victims of family violence from Vranje and seven municipalities from District Pcinjiski and improvement of the local network against violence against women.<\/li>\n<\/ul>\n<\/div>\n<div style=\"color: #000000;\"><strong>2. Mirror \u00a0&#8211; Center for cultural research\u00a0<\/strong><\/div>\n<div style=\"color: #000000;\">Silenced voices \u2013 on feminist theater\/ theater practices of independent scene in Novi Sad 1989-1999.<\/div>\n<div style=\"color: #000000;\">\n<ul>\n<li><strong>RSD<\/strong>: 108.000,00<\/li>\n<li>Publishing of the research by Ivana In\u0111in (book and CD) on feminist theater and performances practice in Novi Sad: the characteristics of the practice, position of the female artists in the context, influence of feminist ideas, activism in their work, personal lives of the artists, esthetics and poetics of their antiwar expression.<\/li>\n<\/ul>\n<\/div>\n<div style=\"color: #000000;\"><strong>3. SOS for women and children victims of violence Vlasotince<\/strong><\/div>\n<div style=\"color: #000000;\">\u00a0STOP TO IGNORANCE<\/div>\n<div style=\"color: #000000;\">\n<ul>\n<li><strong>RSD<\/strong>: 300.000,00<\/li>\n<li>Workshops in secondary school, with the students, on consequences of non-confrontation with the past and on the level of conservatism in their surroundings.<\/li>\n<\/ul>\n<\/div>\n<div style=\"color: #000000;\"><strong>4. Club OPA\u00a0<\/strong><\/div>\n<div style=\"color: #000000;\">Femixeta 2011<\/div>\n<div style=\"color: #000000;\">\n<ul>\n<li><strong>RSD<\/strong>: 189.000,00<\/li>\n<li>Duplication\/printing, promotion \u00a0(Ozon Gallery, Femix Fest, U\u017eice, Zaje\u010dar, Ni\u0161, Novi Be\u010dej within a larger program of Femix- network of female creativity) and distribution of CDs and the booklet on the second compilation of female bands Femixeta 2011, continuity of promotion of female musicians from all over Serbia, with a focus on young and unestabished artists.<\/li>\n<\/ul>\n<\/div>\n<div style=\"color: #000000;\"><\/div>\n<div style=\"color: #000000;\"><strong>5. Roma Center for Women Daje\u00a0<\/strong><\/div>\n<div style=\"color: #000000;\">Work of SOS telephone for Roma women<\/div>\n<div style=\"color: #000000;\">\n<ul>\n<li><strong>RSD<\/strong>: 292.320,00<\/li>\n<li>Workshops on Daje SOS telephone for Roma women in three settlements in<\/li>\n<li>Zvezdara, Lazarevac and Deponija municipalities, SOS consultations \u2013 emotional and psychological support, legal aspects of family and sexual violence, assistance in approaching institutions.<\/li>\n<\/ul>\n<\/div>\n<div style=\"color: #000000;\"><strong>6. Association of Roma \u201cDanica\u201d Pan\u010devo<\/strong><\/div>\n<div style=\"color: #000000;\">Stop violence against Roma women<\/div>\n<div style=\"color: #000000;\">\n<ul>\n<li><strong>RSD<\/strong>: 300.000,00<\/li>\n<li>Permanent visits and workshops in the settlements on violence against women and individual consultations with Roma women in Deponija, Dolovo and Jabuka, assistance in obtaining documents, information on institutional domain.<\/li>\n<\/ul>\n<\/div>\n<div style=\"color: #000000;\"><strong>7. Labris, lesbian human right organisation\u00a0<\/strong><\/div>\n<div style=\"color: #000000;\">Labris Sports Group<\/div>\n<div style=\"color: #000000;\">\n<ul>\n<li><strong>RSD<\/strong>: 118.800,00<\/li>\n<li>Labris sports group (within Labris organization) gathers lesbians, bisexual, trans and friendly women around sports and recreation, with the aim to empower individuals and the lesbian community, to create new spaces as well as links with regional and European associations. The organizers and trainers volunteer their time; the money goes for renting sports hall, purchase of requisites and EGLSF membership fee.<\/li>\n<\/ul>\n<\/div>\n<div style=\"color: #000000;\"><strong>8. Independant Women\u2019s Center Dimitrovgrad\u00a0<\/strong><\/div>\n<div style=\"color: #000000;\">Women rights are human rights \u2013 Learn our rights<\/div>\n<div style=\"color: #000000;\">\n<ul>\n<li><strong>RSD<\/strong>: 193.640,00<\/li>\n<li>Workshops with gymnasium students on gender based violence, discrimination and inequality. Eduactional meetings of the activits. Legal aid by the guest lawyer from SOS Telephone Vlasotince.<\/li>\n<\/ul>\n<\/div>\n<div style=\"color: #000000;\"><\/div>\n","protected":false},"excerpt":{"rendered":"<p>2011 Program area: Support to women\u2019s initiatives Grants approved\u00a0&#8211; November\u00a02011.\u00a0 Number of grants: 8\u00a0 \u221a 1. Committee for Human Rights, SOS Telephone Vranje SOS Telephone Vranje \u2013 Zero Tolerance for family violence against women RSD: 300.000,00 Continuity of the work of SOS Telephone Vranje in the situation of no support from local municipality. Expert support &#8230; <a title=\"November\" class=\"read-more\" href=\"https:\/\/www.rwfund.org\/eng\/programs-old\/2011-2\/womens-initiatives-2011\/november-2\/\" aria-label=\"Read more about November\">MORE<\/a><\/p>\n","protected":false},"author":1,"featured_media":0,"parent":405,"menu_order":0,"comment_status":"closed","ping_status":"closed","template":"","meta":{"_kad_blocks_custom_css":"","_kad_blocks_head_custom_js":"","_kad_blocks_body_custom_js":"","_kad_blocks_footer_custom_js":"","footnotes":""},"categories":[],"tags":[],"class_list":{"0":"post-649","1":"page","2":"type-page","3":"status-publish","5":"infinite-scroll-item","6":"no-featured-image-padding"},"yoast_head":"<!-- This site is optimized with the Yoast SEO plugin v27.4 - https:\/\/yoast.com\/product\/yoast-seo-wordpress\/ -->\n<title>November - Reconstruction Women&#039;s Fund<\/title>\n<meta name=\"robots\" content=\"index, follow, max-snippet:-1, max-image-preview:large, max-video-preview:-1\" \/>\n<link rel=\"canonical\" href=\"https:\/\/www.rwfund.org\/eng\/programs-old\/2011-2\/womens-initiatives-2011\/november-2\/\" \/>\n<meta property=\"og:locale\" content=\"en_US\" \/>\n<meta property=\"og:type\" content=\"article\" \/>\n<meta property=\"og:title\" content=\"November - Reconstruction Women&#039;s Fund\" \/>\n<meta property=\"og:description\" content=\"2011 Program area: Support to women\u2019s initiatives Grants approved\u00a0&#8211; November\u00a02011.\u00a0 Number of grants: 8\u00a0 \u221a 1. Committee for Human Rights, SOS Telephone Vranje SOS Telephone Vranje \u2013 Zero Tolerance for family violence against women RSD: 300.000,00 Continuity of the work of SOS Telephone Vranje in the situation of no support from local municipality. Expert support ... MORE\" \/>\n<meta property=\"og:url\" content=\"https:\/\/www.rwfund.org\/eng\/programs-old\/2011-2\/womens-initiatives-2011\/november-2\/\" \/>\n<meta property=\"og:site_name\" content=\"Reconstruction Women&#039;s Fund\" \/>\n<meta property=\"article:modified_time\" content=\"2015-01-29T15:38:23+00:00\" \/>\n<meta name=\"twitter:card\" content=\"summary_large_image\" \/>\n<meta name=\"twitter:label1\" content=\"Est. reading time\" \/>\n\t<meta name=\"twitter:data1\" content=\"2 minutes\" \/>\n<script type=\"application\/ld+json\" class=\"yoast-schema-graph\">{\"@context\":\"https:\\\/\\\/schema.org\",\"@graph\":[{\"@type\":\"WebPage\",\"@id\":\"https:\\\/\\\/www.rwfund.org\\\/eng\\\/programs-old\\\/2011-2\\\/womens-initiatives-2011\\\/november-2\\\/\",\"url\":\"https:\\\/\\\/www.rwfund.org\\\/eng\\\/programs-old\\\/2011-2\\\/womens-initiatives-2011\\\/november-2\\\/\",\"name\":\"November - Reconstruction Women&#039;s Fund\",\"isPartOf\":{\"@id\":\"https:\\\/\\\/www.rwfund.org\\\/eng\\\/#website\"},\"datePublished\":\"2015-01-26T16:20:23+00:00\",\"dateModified\":\"2015-01-29T15:38:23+00:00\",\"breadcrumb\":{\"@id\":\"https:\\\/\\\/www.rwfund.org\\\/eng\\\/programs-old\\\/2011-2\\\/womens-initiatives-2011\\\/november-2\\\/#breadcrumb\"},\"inLanguage\":\"en-US\",\"potentialAction\":[{\"@type\":\"ReadAction\",\"target\":[\"https:\\\/\\\/www.rwfund.org\\\/eng\\\/programs-old\\\/2011-2\\\/womens-initiatives-2011\\\/november-2\\\/\"]}]},{\"@type\":\"BreadcrumbList\",\"@id\":\"https:\\\/\\\/www.rwfund.org\\\/eng\\\/programs-old\\\/2011-2\\\/womens-initiatives-2011\\\/november-2\\\/#breadcrumb\",\"itemListElement\":[{\"@type\":\"ListItem\",\"position\":1,\"name\":\"Home\",\"item\":\"https:\\\/\\\/www.rwfund.org\\\/eng\\\/\"},{\"@type\":\"ListItem\",\"position\":2,\"name\":\"RWFund Programs &#8211; OLD\",\"item\":\"https:\\\/\\\/www.rwfund.org\\\/eng\\\/programs-old\\\/\"},{\"@type\":\"ListItem\",\"position\":3,\"name\":\"2011\",\"item\":\"https:\\\/\\\/www.rwfund.org\\\/eng\\\/programs-old\\\/2011-2\\\/\"},{\"@type\":\"ListItem\",\"position\":4,\"name\":\"Women\u2019s Initiatives 2011\",\"item\":\"https:\\\/\\\/www.rwfund.org\\\/eng\\\/programs-old\\\/2011-2\\\/womens-initiatives-2011\\\/\"},{\"@type\":\"ListItem\",\"position\":5,\"name\":\"November\"}]},{\"@type\":\"WebSite\",\"@id\":\"https:\\\/\\\/www.rwfund.org\\\/eng\\\/#website\",\"url\":\"https:\\\/\\\/www.rwfund.org\\\/eng\\\/\",\"name\":\"Reconstruction Women&#039;s Fund\",\"description\":\"Reconstruction Women&#039;s Fund\",\"publisher\":{\"@id\":\"https:\\\/\\\/www.rwfund.org\\\/eng\\\/#organization\"},\"potentialAction\":[{\"@type\":\"SearchAction\",\"target\":{\"@type\":\"EntryPoint\",\"urlTemplate\":\"https:\\\/\\\/www.rwfund.org\\\/eng\\\/?s={search_term_string}\"},\"query-input\":{\"@type\":\"PropertyValueSpecification\",\"valueRequired\":true,\"valueName\":\"search_term_string\"}}],\"inLanguage\":\"en-US\"},{\"@type\":\"Organization\",\"@id\":\"https:\\\/\\\/www.rwfund.org\\\/eng\\\/#organization\",\"name\":\"Reconstruction Women's Fund\",\"url\":\"https:\\\/\\\/www.rwfund.org\\\/eng\\\/\",\"logo\":{\"@type\":\"ImageObject\",\"inLanguage\":\"en-US\",\"@id\":\"https:\\\/\\\/www.rwfund.org\\\/eng\\\/#\\\/schema\\\/logo\\\/image\\\/\",\"url\":\"https:\\\/\\\/www.rwfund.org\\\/eng\\\/wp-content\\\/uploads\\\/sites\\\/2\\\/2021\\\/03\\\/LOGO-CROP_V1.svg\",\"contentUrl\":\"https:\\\/\\\/www.rwfund.org\\\/eng\\\/wp-content\\\/uploads\\\/sites\\\/2\\\/2021\\\/03\\\/LOGO-CROP_V1.svg\",\"width\":420,\"height\":640,\"caption\":\"Reconstruction Women's Fund\"},\"image\":{\"@id\":\"https:\\\/\\\/www.rwfund.org\\\/eng\\\/#\\\/schema\\\/logo\\\/image\\\/\"}}]}<\/script>\n<!-- \/ Yoast SEO plugin. -->","yoast_head_json":{"title":"November - Reconstruction Women&#039;s Fund","robots":{"index":"index","follow":"follow","max-snippet":"max-snippet:-1","max-image-preview":"max-image-preview:large","max-video-preview":"max-video-preview:-1"},"canonical":"https:\/\/www.rwfund.org\/eng\/programs-old\/2011-2\/womens-initiatives-2011\/november-2\/","og_locale":"en_US","og_type":"article","og_title":"November - Reconstruction Women&#039;s Fund","og_description":"2011 Program area: Support to women\u2019s initiatives Grants approved\u00a0&#8211; November\u00a02011.\u00a0 Number of grants: 8\u00a0 \u221a 1. Committee for Human Rights, SOS Telephone Vranje SOS Telephone Vranje \u2013 Zero Tolerance for family violence against women RSD: 300.000,00 Continuity of the work of SOS Telephone Vranje in the situation of no support from local municipality. Expert support ... MORE","og_url":"https:\/\/www.rwfund.org\/eng\/programs-old\/2011-2\/womens-initiatives-2011\/november-2\/","og_site_name":"Reconstruction Women&#039;s Fund","article_modified_time":"2015-01-29T15:38:23+00:00","twitter_card":"summary_large_image","twitter_misc":{"Est. reading time":"2 minutes"},"schema":{"@context":"https:\/\/schema.org","@graph":[{"@type":"WebPage","@id":"https:\/\/www.rwfund.org\/eng\/programs-old\/2011-2\/womens-initiatives-2011\/november-2\/","url":"https:\/\/www.rwfund.org\/eng\/programs-old\/2011-2\/womens-initiatives-2011\/november-2\/","name":"November - Reconstruction Women&#039;s Fund","isPartOf":{"@id":"https:\/\/www.rwfund.org\/eng\/#website"},"datePublished":"2015-01-26T16:20:23+00:00","dateModified":"2015-01-29T15:38:23+00:00","breadcrumb":{"@id":"https:\/\/www.rwfund.org\/eng\/programs-old\/2011-2\/womens-initiatives-2011\/november-2\/#breadcrumb"},"inLanguage":"en-US","potentialAction":[{"@type":"ReadAction","target":["https:\/\/www.rwfund.org\/eng\/programs-old\/2011-2\/womens-initiatives-2011\/november-2\/"]}]},{"@type":"BreadcrumbList","@id":"https:\/\/www.rwfund.org\/eng\/programs-old\/2011-2\/womens-initiatives-2011\/november-2\/#breadcrumb","itemListElement":[{"@type":"ListItem","position":1,"name":"Home","item":"https:\/\/www.rwfund.org\/eng\/"},{"@type":"ListItem","position":2,"name":"RWFund Programs &#8211; OLD","item":"https:\/\/www.rwfund.org\/eng\/programs-old\/"},{"@type":"ListItem","position":3,"name":"2011","item":"https:\/\/www.rwfund.org\/eng\/programs-old\/2011-2\/"},{"@type":"ListItem","position":4,"name":"Women\u2019s Initiatives 2011","item":"https:\/\/www.rwfund.org\/eng\/programs-old\/2011-2\/womens-initiatives-2011\/"},{"@type":"ListItem","position":5,"name":"November"}]},{"@type":"WebSite","@id":"https:\/\/www.rwfund.org\/eng\/#website","url":"https:\/\/www.rwfund.org\/eng\/","name":"Reconstruction Women&#039;s Fund","description":"Reconstruction Women&#039;s Fund","publisher":{"@id":"https:\/\/www.rwfund.org\/eng\/#organization"},"potentialAction":[{"@type":"SearchAction","target":{"@type":"EntryPoint","urlTemplate":"https:\/\/www.rwfund.org\/eng\/?s={search_term_string}"},"query-input":{"@type":"PropertyValueSpecification","valueRequired":true,"valueName":"search_term_string"}}],"inLanguage":"en-US"},{"@type":"Organization","@id":"https:\/\/www.rwfund.org\/eng\/#organization","name":"Reconstruction Women's Fund","url":"https:\/\/www.rwfund.org\/eng\/","logo":{"@type":"ImageObject","inLanguage":"en-US","@id":"https:\/\/www.rwfund.org\/eng\/#\/schema\/logo\/image\/","url":"https:\/\/www.rwfund.org\/eng\/wp-content\/uploads\/sites\/2\/2021\/03\/LOGO-CROP_V1.svg","contentUrl":"https:\/\/www.rwfund.org\/eng\/wp-content\/uploads\/sites\/2\/2021\/03\/LOGO-CROP_V1.svg","width":420,"height":640,"caption":"Reconstruction Women's Fund"},"image":{"@id":"https:\/\/www.rwfund.org\/eng\/#\/schema\/logo\/image\/"}}]}},"taxonomy_info":[],"featured_image_src_large":false,"author_info":{"display_name":"Vlidi","author_link":"https:\/\/www.rwfund.org\/eng\/author\/testadmin\/"},"comment_info":0,"_links":{"self":[{"href":"https:\/\/www.rwfund.org\/eng\/wp-json\/wp\/v2\/pages\/649","targetHints":{"allow":["GET"]}}],"collection":[{"href":"https:\/\/www.rwfund.org\/eng\/wp-json\/wp\/v2\/pages"}],"about":[{"href":"https:\/\/www.rwfund.org\/eng\/wp-json\/wp\/v2\/types\/page"}],"author":[{"embeddable":true,"href":"https:\/\/www.rwfund.org\/eng\/wp-json\/wp\/v2\/users\/1"}],"replies":[{"embeddable":true,"href":"https:\/\/www.rwfund.org\/eng\/wp-json\/wp\/v2\/comments?post=649"}],"version-history":[{"count":3,"href":"https:\/\/www.rwfund.org\/eng\/wp-json\/wp\/v2\/pages\/649\/revisions"}],"predecessor-version":[{"id":658,"href":"https:\/\/www.rwfund.org\/eng\/wp-json\/wp\/v2\/pages\/649\/revisions\/658"}],"up":[{"embeddable":true,"href":"https:\/\/www.rwfund.org\/eng\/wp-json\/wp\/v2\/pages\/405"}],"wp:attachment":[{"href":"https:\/\/www.rwfund.org\/eng\/wp-json\/wp\/v2\/media?parent=649"}],"wp:term":[{"taxonomy":"category","embeddable":true,"href":"https:\/\/www.rwfund.org\/eng\/wp-json\/wp\/v2\/categories?post=649"},{"taxonomy":"post_tag","embeddable":true,"href":"https:\/\/www.rwfund.org\/eng\/wp-json\/wp\/v2\/tags?post=649"}],"curies":[{"name":"wp","href":"https:\/\/api.w.org\/{rel}","templated":true}]}}