{"id":96,"date":"2014-09-18T12:01:33","date_gmt":"2014-09-18T10:01:33","guid":{"rendered":"https:\/\/www.rwfund.org\/eng\/?page_id=96"},"modified":"2015-02-09T15:57:38","modified_gmt":"2015-02-09T13:57:38","slug":"women-in-activism","status":"publish","type":"page","link":"https:\/\/www.rwfund.org\/eng\/critical-themes\/rwfund-video\/women-in-activism\/","title":{"rendered":"Women In Activism"},"content":{"rendered":"<p>After Kosovo independence was declared in February 2008, the wave of authorized violence in Serbia imposed kind of public auto-censorship close to internalized marshal law. It was the lowest point in Serbia since 2000. <strong>RWF<\/strong> stayed with women\u2019s groups who were never silent. On February 26 we supported public promotion and its recording, in Belgrade, of the book <strong>&#8220;Women\u2019s Side of the War&#8221;<\/strong>, just published by <strong>Women in Black<\/strong> and performed by <strong>Dah Teatar<\/strong>. Two weeks later, celebration of 100th anniversary of \u00a08th of March, organized by Women in Black was banned by the police, followed with the fuss made by the activists and allies. In the <strong>&#8220;Postponed 8th of March&#8221;<\/strong> the activists crowded for a march on the streets which ended with the presentation of the work of young generation of feminists in the newly published book <strong>&#8220;Someone Said Feminism?&#8221;<\/strong> published by RWF, <strong>Women\u2019s Studies<\/strong> and Women in Black. The silence was broken and position confirmed in the crisis. In May, RWF committed itself to participate in the feminist campaign on the basic political orientation of Serbia. At the same time, we were in the process of finishing documentary film on our work and the atmosphere of resolution on our role was in the air. It became clear that RWF has to stay committed to autonomous women\u2019s organizing whatever political course in Serbia would be.<\/p>\n<p><iframe loading=\"lazy\" width=\"640\" height=\"360\" src=\"https:\/\/www.youtube.com\/embed\/7tEeMD40b_s?feature=player_detailpage\" frameborder=\"0\" allowfullscreen><\/iframe><\/p>\n<p>Produced by:\u00a0<strong>Rekonstrukcija \u017denski fond, 2008.<\/strong><\/p>\n<p>Directed by:\u00a0<strong>Anberin Pasha<\/strong>\u00a0&amp;\u00a0<strong>An\u0111ela Bani\u0107evi\u0107<\/strong><\/p>\n<p>Camera &amp; editing:\u00a0<strong>Anberin Pasha<\/strong><\/p>\n<p>&nbsp;<\/p>\n","protected":false},"excerpt":{"rendered":"<p>After Kosovo independence was declared in February 2008, the wave of authorized violence in Serbia imposed kind of public auto-censorship close to internalized marshal law. It was the lowest point in Serbia since 2000. RWF stayed with women\u2019s groups who were never silent. On February 26 we supported public promotion and its recording, in Belgrade, &#8230; <a title=\"Women In Activism\" class=\"read-more\" href=\"https:\/\/www.rwfund.org\/eng\/critical-themes\/rwfund-video\/women-in-activism\/\" aria-label=\"Read more about Women In Activism\">MORE<\/a><\/p>\n","protected":false},"author":1,"featured_media":0,"parent":89,"menu_order":0,"comment_status":"closed","ping_status":"closed","template":"","meta":{"_kad_blocks_custom_css":"","_kad_blocks_head_custom_js":"","_kad_blocks_body_custom_js":"","_kad_blocks_footer_custom_js":"","footnotes":""},"categories":[],"tags":[],"class_list":{"0":"post-96","1":"page","2":"type-page","3":"status-publish","5":"infinite-scroll-item","6":"no-featured-image-padding"},"yoast_head":"<!-- This site is optimized with the Yoast SEO plugin v27.4 - https:\/\/yoast.com\/product\/yoast-seo-wordpress\/ -->\n<title>Women In Activism - Reconstruction Women&#039;s Fund<\/title>\n<meta name=\"robots\" content=\"index, follow, max-snippet:-1, max-image-preview:large, max-video-preview:-1\" \/>\n<link rel=\"canonical\" href=\"https:\/\/www.rwfund.org\/eng\/critical-themes\/rwfund-video\/women-in-activism\/\" \/>\n<meta property=\"og:locale\" content=\"en_US\" \/>\n<meta property=\"og:type\" content=\"article\" \/>\n<meta property=\"og:title\" content=\"Women In Activism - Reconstruction Women&#039;s Fund\" \/>\n<meta property=\"og:description\" content=\"After Kosovo independence was declared in February 2008, the wave of authorized violence in Serbia imposed kind of public auto-censorship close to internalized marshal law. It was the lowest point in Serbia since 2000. RWF stayed with women\u2019s groups who were never silent. On February 26 we supported public promotion and its recording, in Belgrade, ... MORE\" \/>\n<meta property=\"og:url\" content=\"https:\/\/www.rwfund.org\/eng\/critical-themes\/rwfund-video\/women-in-activism\/\" \/>\n<meta property=\"og:site_name\" content=\"Reconstruction Women&#039;s Fund\" \/>\n<meta property=\"article:modified_time\" content=\"2015-02-09T13:57:38+00:00\" \/>\n<meta name=\"twitter:card\" content=\"summary_large_image\" \/>\n<meta name=\"twitter:label1\" content=\"Est. reading time\" \/>\n\t<meta name=\"twitter:data1\" content=\"1 minute\" \/>\n<script type=\"application\/ld+json\" class=\"yoast-schema-graph\">{\"@context\":\"https:\\\/\\\/schema.org\",\"@graph\":[{\"@type\":\"WebPage\",\"@id\":\"https:\\\/\\\/www.rwfund.org\\\/eng\\\/critical-themes\\\/rwfund-video\\\/women-in-activism\\\/\",\"url\":\"https:\\\/\\\/www.rwfund.org\\\/eng\\\/critical-themes\\\/rwfund-video\\\/women-in-activism\\\/\",\"name\":\"Women In Activism - Reconstruction Women&#039;s Fund\",\"isPartOf\":{\"@id\":\"https:\\\/\\\/www.rwfund.org\\\/eng\\\/#website\"},\"datePublished\":\"2014-09-18T10:01:33+00:00\",\"dateModified\":\"2015-02-09T13:57:38+00:00\",\"breadcrumb\":{\"@id\":\"https:\\\/\\\/www.rwfund.org\\\/eng\\\/critical-themes\\\/rwfund-video\\\/women-in-activism\\\/#breadcrumb\"},\"inLanguage\":\"en-US\",\"potentialAction\":[{\"@type\":\"ReadAction\",\"target\":[\"https:\\\/\\\/www.rwfund.org\\\/eng\\\/critical-themes\\\/rwfund-video\\\/women-in-activism\\\/\"]}]},{\"@type\":\"BreadcrumbList\",\"@id\":\"https:\\\/\\\/www.rwfund.org\\\/eng\\\/critical-themes\\\/rwfund-video\\\/women-in-activism\\\/#breadcrumb\",\"itemListElement\":[{\"@type\":\"ListItem\",\"position\":1,\"name\":\"Home\",\"item\":\"https:\\\/\\\/www.rwfund.org\\\/eng\\\/\"},{\"@type\":\"ListItem\",\"position\":2,\"name\":\"Critical Themes\",\"item\":\"https:\\\/\\\/www.rwfund.org\\\/eng\\\/critical-themes\\\/\"},{\"@type\":\"ListItem\",\"position\":3,\"name\":\"RWFund Video\",\"item\":\"https:\\\/\\\/www.rwfund.org\\\/eng\\\/critical-themes\\\/rwfund-video\\\/\"},{\"@type\":\"ListItem\",\"position\":4,\"name\":\"Women In Activism\"}]},{\"@type\":\"WebSite\",\"@id\":\"https:\\\/\\\/www.rwfund.org\\\/eng\\\/#website\",\"url\":\"https:\\\/\\\/www.rwfund.org\\\/eng\\\/\",\"name\":\"Reconstruction Women&#039;s Fund\",\"description\":\"Reconstruction Women&#039;s Fund\",\"publisher\":{\"@id\":\"https:\\\/\\\/www.rwfund.org\\\/eng\\\/#organization\"},\"potentialAction\":[{\"@type\":\"SearchAction\",\"target\":{\"@type\":\"EntryPoint\",\"urlTemplate\":\"https:\\\/\\\/www.rwfund.org\\\/eng\\\/?s={search_term_string}\"},\"query-input\":{\"@type\":\"PropertyValueSpecification\",\"valueRequired\":true,\"valueName\":\"search_term_string\"}}],\"inLanguage\":\"en-US\"},{\"@type\":\"Organization\",\"@id\":\"https:\\\/\\\/www.rwfund.org\\\/eng\\\/#organization\",\"name\":\"Reconstruction Women's Fund\",\"url\":\"https:\\\/\\\/www.rwfund.org\\\/eng\\\/\",\"logo\":{\"@type\":\"ImageObject\",\"inLanguage\":\"en-US\",\"@id\":\"https:\\\/\\\/www.rwfund.org\\\/eng\\\/#\\\/schema\\\/logo\\\/image\\\/\",\"url\":\"https:\\\/\\\/www.rwfund.org\\\/eng\\\/wp-content\\\/uploads\\\/sites\\\/2\\\/2021\\\/03\\\/LOGO-CROP_V1.svg\",\"contentUrl\":\"https:\\\/\\\/www.rwfund.org\\\/eng\\\/wp-content\\\/uploads\\\/sites\\\/2\\\/2021\\\/03\\\/LOGO-CROP_V1.svg\",\"width\":420,\"height\":640,\"caption\":\"Reconstruction Women's Fund\"},\"image\":{\"@id\":\"https:\\\/\\\/www.rwfund.org\\\/eng\\\/#\\\/schema\\\/logo\\\/image\\\/\"}}]}<\/script>\n<!-- \/ Yoast SEO plugin. -->","yoast_head_json":{"title":"Women In Activism - Reconstruction Women&#039;s Fund","robots":{"index":"index","follow":"follow","max-snippet":"max-snippet:-1","max-image-preview":"max-image-preview:large","max-video-preview":"max-video-preview:-1"},"canonical":"https:\/\/www.rwfund.org\/eng\/critical-themes\/rwfund-video\/women-in-activism\/","og_locale":"en_US","og_type":"article","og_title":"Women In Activism - Reconstruction Women&#039;s Fund","og_description":"After Kosovo independence was declared in February 2008, the wave of authorized violence in Serbia imposed kind of public auto-censorship close to internalized marshal law. It was the lowest point in Serbia since 2000. RWF stayed with women\u2019s groups who were never silent. On February 26 we supported public promotion and its recording, in Belgrade, ... MORE","og_url":"https:\/\/www.rwfund.org\/eng\/critical-themes\/rwfund-video\/women-in-activism\/","og_site_name":"Reconstruction Women&#039;s Fund","article_modified_time":"2015-02-09T13:57:38+00:00","twitter_card":"summary_large_image","twitter_misc":{"Est. reading time":"1 minute"},"schema":{"@context":"https:\/\/schema.org","@graph":[{"@type":"WebPage","@id":"https:\/\/www.rwfund.org\/eng\/critical-themes\/rwfund-video\/women-in-activism\/","url":"https:\/\/www.rwfund.org\/eng\/critical-themes\/rwfund-video\/women-in-activism\/","name":"Women In Activism - Reconstruction Women&#039;s Fund","isPartOf":{"@id":"https:\/\/www.rwfund.org\/eng\/#website"},"datePublished":"2014-09-18T10:01:33+00:00","dateModified":"2015-02-09T13:57:38+00:00","breadcrumb":{"@id":"https:\/\/www.rwfund.org\/eng\/critical-themes\/rwfund-video\/women-in-activism\/#breadcrumb"},"inLanguage":"en-US","potentialAction":[{"@type":"ReadAction","target":["https:\/\/www.rwfund.org\/eng\/critical-themes\/rwfund-video\/women-in-activism\/"]}]},{"@type":"BreadcrumbList","@id":"https:\/\/www.rwfund.org\/eng\/critical-themes\/rwfund-video\/women-in-activism\/#breadcrumb","itemListElement":[{"@type":"ListItem","position":1,"name":"Home","item":"https:\/\/www.rwfund.org\/eng\/"},{"@type":"ListItem","position":2,"name":"Critical Themes","item":"https:\/\/www.rwfund.org\/eng\/critical-themes\/"},{"@type":"ListItem","position":3,"name":"RWFund Video","item":"https:\/\/www.rwfund.org\/eng\/critical-themes\/rwfund-video\/"},{"@type":"ListItem","position":4,"name":"Women In Activism"}]},{"@type":"WebSite","@id":"https:\/\/www.rwfund.org\/eng\/#website","url":"https:\/\/www.rwfund.org\/eng\/","name":"Reconstruction Women&#039;s Fund","description":"Reconstruction Women&#039;s Fund","publisher":{"@id":"https:\/\/www.rwfund.org\/eng\/#organization"},"potentialAction":[{"@type":"SearchAction","target":{"@type":"EntryPoint","urlTemplate":"https:\/\/www.rwfund.org\/eng\/?s={search_term_string}"},"query-input":{"@type":"PropertyValueSpecification","valueRequired":true,"valueName":"search_term_string"}}],"inLanguage":"en-US"},{"@type":"Organization","@id":"https:\/\/www.rwfund.org\/eng\/#organization","name":"Reconstruction Women's Fund","url":"https:\/\/www.rwfund.org\/eng\/","logo":{"@type":"ImageObject","inLanguage":"en-US","@id":"https:\/\/www.rwfund.org\/eng\/#\/schema\/logo\/image\/","url":"https:\/\/www.rwfund.org\/eng\/wp-content\/uploads\/sites\/2\/2021\/03\/LOGO-CROP_V1.svg","contentUrl":"https:\/\/www.rwfund.org\/eng\/wp-content\/uploads\/sites\/2\/2021\/03\/LOGO-CROP_V1.svg","width":420,"height":640,"caption":"Reconstruction Women's Fund"},"image":{"@id":"https:\/\/www.rwfund.org\/eng\/#\/schema\/logo\/image\/"}}]}},"taxonomy_info":[],"featured_image_src_large":false,"author_info":{"display_name":"Vlidi","author_link":"https:\/\/www.rwfund.org\/eng\/author\/testadmin\/"},"comment_info":0,"_links":{"self":[{"href":"https:\/\/www.rwfund.org\/eng\/wp-json\/wp\/v2\/pages\/96","targetHints":{"allow":["GET"]}}],"collection":[{"href":"https:\/\/www.rwfund.org\/eng\/wp-json\/wp\/v2\/pages"}],"about":[{"href":"https:\/\/www.rwfund.org\/eng\/wp-json\/wp\/v2\/types\/page"}],"author":[{"embeddable":true,"href":"https:\/\/www.rwfund.org\/eng\/wp-json\/wp\/v2\/users\/1"}],"replies":[{"embeddable":true,"href":"https:\/\/www.rwfund.org\/eng\/wp-json\/wp\/v2\/comments?post=96"}],"version-history":[{"count":9,"href":"https:\/\/www.rwfund.org\/eng\/wp-json\/wp\/v2\/pages\/96\/revisions"}],"predecessor-version":[{"id":1523,"href":"https:\/\/www.rwfund.org\/eng\/wp-json\/wp\/v2\/pages\/96\/revisions\/1523"}],"up":[{"embeddable":true,"href":"https:\/\/www.rwfund.org\/eng\/wp-json\/wp\/v2\/pages\/89"}],"wp:attachment":[{"href":"https:\/\/www.rwfund.org\/eng\/wp-json\/wp\/v2\/media?parent=96"}],"wp:term":[{"taxonomy":"category","embeddable":true,"href":"https:\/\/www.rwfund.org\/eng\/wp-json\/wp\/v2\/categories?post=96"},{"taxonomy":"post_tag","embeddable":true,"href":"https:\/\/www.rwfund.org\/eng\/wp-json\/wp\/v2\/tags?post=96"}],"curies":[{"name":"wp","href":"https:\/\/api.w.org\/{rel}","templated":true}]}}